{"id":2101,"date":"2021-05-06T08:38:59","date_gmt":"2021-05-06T08:38:59","guid":{"rendered":"http:\/\/www.vsbadschoenau.ac.at\/?page_id=2101"},"modified":"2021-05-06T09:00:44","modified_gmt":"2021-05-06T09:00:44","slug":"impressum","status":"publish","type":"page","link":"http:\/\/www.vsbadschoenau.ac.at\/?page_id=2101","title":{"rendered":"Impressum"},"content":{"rendered":"\n<p><strong>Herausgeber<\/strong><\/p>\n\n\n\n<p>Volksschule Bad Sch\u00f6nau<br>Hauptstra\u00dfe 28<br>2853 Bad Sch\u00f6nau<\/p>\n\n\n\n<p>Direktion: 02646\/8445<\/p>\n\n\n\n<p>E-Mail: vs.badschoenau@noeschule.at<\/p>\n\n\n\n<p>Erstellt von Josef Jeindl<\/p>\n\n\n\n<p>Unsere Homepage dient der allgemeinen Information. Wir \u00fcbernehmen keine Garantie f\u00fcr die Richtigkeit und Vollst\u00e4ndigkeit der Informationen.<\/p>\n\n\n\n<p>Der Inhalt der Internetseiten ist urheberrechtlich gesch\u00fctzt. Ohne Zustimmung des Autors darf der Inhalt der Internetseiten weder vervielf\u00e4ltigt noch verbreitet werden.<\/p>\n","protected":false},"excerpt":{"rendered":"<p>Herausgeber Volksschule Bad Sch\u00f6nauHauptstra\u00dfe 282853 Bad Sch\u00f6nau Direktion: 02646\/8445 E-Mail: vs.badschoenau@noeschule.at Erstellt von Josef Jeindl Unsere Homepage dient der allgemeinen Information. Wir \u00fcbernehmen keine Garantie f\u00fcr die Richtigkeit und Vollst\u00e4ndigkeit der Informationen. Der Inhalt der Internetseiten ist urheberrechtlich gesch\u00fctzt. Ohne Zustimmung des Autors darf der Inhalt der Internetseiten weder vervielf\u00e4ltigt noch verbreitet werden.<\/p>\n","protected":false},"author":1,"featured_media":0,"parent":0,"menu_order":0,"comment_status":"closed","ping_status":"closed","template":"","meta":[],"_links":{"self":[{"href":"http:\/\/www.vsbadschoenau.ac.at\/index.php?rest_route=\/wp\/v2\/pages\/2101"}],"collection":[{"href":"http:\/\/www.vsbadschoenau.ac.at\/index.php?rest_route=\/wp\/v2\/pages"}],"about":[{"href":"http:\/\/www.vsbadschoenau.ac.at\/index.php?rest_route=\/wp\/v2\/types\/page"}],"author":[{"embeddable":true,"href":"http:\/\/www.vsbadschoenau.ac.at\/index.php?rest_route=\/wp\/v2\/users\/1"}],"replies":[{"embeddable":true,"href":"http:\/\/www.vsbadschoenau.ac.at\/index.php?rest_route=%2Fwp%2Fv2%2Fcomments&post=2101"}],"version-history":[{"count":4,"href":"http:\/\/www.vsbadschoenau.ac.at\/index.php?rest_route=\/wp\/v2\/pages\/2101\/revisions"}],"predecessor-version":[{"id":2117,"href":"http:\/\/www.vsbadschoenau.ac.at\/index.php?rest_route=\/wp\/v2\/pages\/2101\/revisions\/2117"}],"wp:attachment":[{"href":"http:\/\/www.vsbadschoenau.ac.at\/index.php?rest_route=%2Fwp%2Fv2%2Fmedia&parent=2101"}],"curies":[{"name":"wp","href":"https:\/\/api.w.org\/{rel}","templated":true}]}}