{"id":3158,"date":"2022-11-17T08:14:42","date_gmt":"2022-11-17T08:14:42","guid":{"rendered":"http:\/\/www.vsbadschoenau.ac.at\/?page_id=3158"},"modified":"2022-11-17T08:16:42","modified_gmt":"2022-11-17T08:16:42","slug":"helmi-war-da","status":"publish","type":"page","link":"http:\/\/www.vsbadschoenau.ac.at\/?page_id=3158","title":{"rendered":"Helmi war da!"},"content":{"rendered":"\n<figure class=\"is-layout-flex wp-block-gallery-1 wp-block-gallery aligncenter has-nested-images columns-2 is-cropped\">\n<figure class=\"wp-block-image size-large is-style-default\"><img decoding=\"async\" loading=\"lazy\" width=\"768\" height=\"1024\" data-id=\"3160\"  src=\"http:\/\/www.vsbadschoenau.ac.at\/wp-content\/uploads\/2022\/11\/IMG-20221116-WA0003.jpg\" alt=\"\" class=\"wp-image-3160\" srcset=\"http:\/\/www.vsbadschoenau.ac.at\/wp-content\/uploads\/2022\/11\/IMG-20221116-WA0003.jpg 768w, http:\/\/www.vsbadschoenau.ac.at\/wp-content\/uploads\/2022\/11\/IMG-20221116-WA0003-225x300.jpg 225w\" sizes=\"(max-width: 768px) 100vw, 768px\" \/><\/figure>\n\n\n\n<figure class=\"wp-block-image size-large is-style-default\"><img decoding=\"async\" loading=\"lazy\" width=\"768\" height=\"1024\" data-id=\"3161\"  src=\"http:\/\/www.vsbadschoenau.ac.at\/wp-content\/uploads\/2022\/11\/IMG-20221116-WA0004.jpg\" alt=\"\" class=\"wp-image-3161\" srcset=\"http:\/\/www.vsbadschoenau.ac.at\/wp-content\/uploads\/2022\/11\/IMG-20221116-WA0004.jpg 768w, http:\/\/www.vsbadschoenau.ac.at\/wp-content\/uploads\/2022\/11\/IMG-20221116-WA0004-225x300.jpg 225w\" sizes=\"(max-width: 768px) 100vw, 768px\" \/><\/figure>\n\n\n\n<figure class=\"wp-block-image size-large is-style-default\"><img decoding=\"async\" loading=\"lazy\" width=\"768\" height=\"1024\" data-id=\"3159\"  src=\"http:\/\/www.vsbadschoenau.ac.at\/wp-content\/uploads\/2022\/11\/IMG-20221116-WA0005.jpg\" alt=\"\" class=\"wp-image-3159\" srcset=\"http:\/\/www.vsbadschoenau.ac.at\/wp-content\/uploads\/2022\/11\/IMG-20221116-WA0005.jpg 768w, http:\/\/www.vsbadschoenau.ac.at\/wp-content\/uploads\/2022\/11\/IMG-20221116-WA0005-225x300.jpg 225w\" sizes=\"(max-width: 768px) 100vw, 768px\" \/><\/figure>\n\n\n\n<figure class=\"wp-block-image size-large is-style-default\"><img decoding=\"async\" loading=\"lazy\" width=\"768\" height=\"1024\" data-id=\"3163\"  src=\"http:\/\/www.vsbadschoenau.ac.at\/wp-content\/uploads\/2022\/11\/IMG-20221116-WA0006.jpg\" alt=\"\" class=\"wp-image-3163\" srcset=\"http:\/\/www.vsbadschoenau.ac.at\/wp-content\/uploads\/2022\/11\/IMG-20221116-WA0006.jpg 768w, http:\/\/www.vsbadschoenau.ac.at\/wp-content\/uploads\/2022\/11\/IMG-20221116-WA0006-225x300.jpg 225w\" sizes=\"(max-width: 768px) 100vw, 768px\" \/><\/figure>\n\n\n\n<figure class=\"wp-block-image size-large is-style-default\"><img decoding=\"async\" loading=\"lazy\" width=\"1024\" height=\"768\" data-id=\"3164\"  src=\"http:\/\/www.vsbadschoenau.ac.at\/wp-content\/uploads\/2022\/11\/IMG-20221116-WA0002.jpg\" alt=\"\" class=\"wp-image-3164\" srcset=\"http:\/\/www.vsbadschoenau.ac.at\/wp-content\/uploads\/2022\/11\/IMG-20221116-WA0002.jpg 1024w, http:\/\/www.vsbadschoenau.ac.at\/wp-content\/uploads\/2022\/11\/IMG-20221116-WA0002-300x225.jpg 300w, http:\/\/www.vsbadschoenau.ac.at\/wp-content\/uploads\/2022\/11\/IMG-20221116-WA0002-768x576.jpg 768w\" sizes=\"(max-width: 1024px) 100vw, 1024px\" \/><\/figure>\n<\/figure>\n\n\n\n<p class=\"has-text-align-center has-vivid-cyan-blue-color has-text-color\"><strong>Gemeinsam mit Sicherheitsexperten der AUVA und Helmi wurden unsere Kinder verkehrsfit gemacht. &#8222;Augen auf, Ohren auf&#8220; lautet die Devise, um den Kindern Augen und Ohren f\u00fcr die Herausforderungen des Stra\u00dfenverkehrs zu \u00f6ffnen. <\/strong><\/p>\n\n\n\n<p><a href=\"http:\/\/www.vsbadschoenau.ac.at\/?accordions=galerie-3\">Zur\u00fcck zur Galerie<\/a><\/p>\n","protected":false},"excerpt":{"rendered":"<p>Gemeinsam mit Sicherheitsexperten der AUVA und Helmi wurden unsere Kinder verkehrsfit gemacht. &#8222;Augen auf, Ohren auf&#8220; lautet die Devise, um den Kindern Augen und Ohren f\u00fcr die Herausforderungen des Stra\u00dfenverkehrs zu \u00f6ffnen. Zur\u00fcck zur Galerie<\/p>\n","protected":false},"author":1,"featured_media":0,"parent":0,"menu_order":0,"comment_status":"closed","ping_status":"closed","template":"","meta":[],"_links":{"self":[{"href":"http:\/\/www.vsbadschoenau.ac.at\/index.php?rest_route=\/wp\/v2\/pages\/3158"}],"collection":[{"href":"http:\/\/www.vsbadschoenau.ac.at\/index.php?rest_route=\/wp\/v2\/pages"}],"about":[{"href":"http:\/\/www.vsbadschoenau.ac.at\/index.php?rest_route=\/wp\/v2\/types\/page"}],"author":[{"embeddable":true,"href":"http:\/\/www.vsbadschoenau.ac.at\/index.php?rest_route=\/wp\/v2\/users\/1"}],"replies":[{"embeddable":true,"href":"http:\/\/www.vsbadschoenau.ac.at\/index.php?rest_route=%2Fwp%2Fv2%2Fcomments&post=3158"}],"version-history":[{"count":2,"href":"http:\/\/www.vsbadschoenau.ac.at\/index.php?rest_route=\/wp\/v2\/pages\/3158\/revisions"}],"predecessor-version":[{"id":3166,"href":"http:\/\/www.vsbadschoenau.ac.at\/index.php?rest_route=\/wp\/v2\/pages\/3158\/revisions\/3166"}],"wp:attachment":[{"href":"http:\/\/www.vsbadschoenau.ac.at\/index.php?rest_route=%2Fwp%2Fv2%2Fmedia&parent=3158"}],"curies":[{"name":"wp","href":"https:\/\/api.w.org\/{rel}","templated":true}]}}

<figure class="is-layout-flex wp-block-gallery-1 wp-block-gallery aligncenter has-nested-images columns-2 is-cropped">
<figure class="wp-block-image size-large is-style-default"><img decoding="async" loading="lazy" width="768" height="1024" data-id="3160"  src="http://www.vsbadschoenau.ac.at/wp-content/uploads/2022/11/IMG-20221116-WA0003.jpg" alt="" class="wp-image-3160" srcset="http://www.vsbadschoenau.ac.at/wp-content/uploads/2022/11/IMG-20221116-WA0003.jpg 768w, http://www.vsbadschoenau.ac.at/wp-content/uploads/2022/11/IMG-20221116-WA0003-225x300.jpg 225w" sizes="(max-width: 768px) 100vw, 768px" /></figure>



<figure class="wp-block-image size-large is-style-default"><img decoding="async" loading="lazy" width="768" height="1024" data-id="3161"  src="http://www.vsbadschoenau.ac.at/wp-content/uploads/2022/11/IMG-20221116-WA0004.jpg" alt="" class="wp-image-3161" srcset="http://www.vsbadschoenau.ac.at/wp-content/uploads/2022/11/IMG-20221116-WA0004.jpg 768w, http://www.vsbadschoenau.ac.at/wp-content/uploads/2022/11/IMG-20221116-WA0004-225x300.jpg 225w" sizes="(max-width: 768px) 100vw, 768px" /></figure>



<figure class="wp-block-image size-large is-style-default"><img decoding="async" loading="lazy" width="768" height="1024" data-id="3159"  src="http://www.vsbadschoenau.ac.at/wp-content/uploads/2022/11/IMG-20221116-WA0005.jpg" alt="" class="wp-image-3159" srcset="http://www.vsbadschoenau.ac.at/wp-content/uploads/2022/11/IMG-20221116-WA0005.jpg 768w, http://www.vsbadschoenau.ac.at/wp-content/uploads/2022/11/IMG-20221116-WA0005-225x300.jpg 225w" sizes="(max-width: 768px) 100vw, 768px" /></figure>



<figure class="wp-block-image size-large is-style-default"><img decoding="async" loading="lazy" width="768" height="1024" data-id="3163"  src="http://www.vsbadschoenau.ac.at/wp-content/uploads/2022/11/IMG-20221116-WA0006.jpg" alt="" class="wp-image-3163" srcset="http://www.vsbadschoenau.ac.at/wp-content/uploads/2022/11/IMG-20221116-WA0006.jpg 768w, http://www.vsbadschoenau.ac.at/wp-content/uploads/2022/11/IMG-20221116-WA0006-225x300.jpg 225w" sizes="(max-width: 768px) 100vw, 768px" /></figure>



<figure class="wp-block-image size-large is-style-default"><img decoding="async" loading="lazy" width="1024" height="768" data-id="3164"  src="http://www.vsbadschoenau.ac.at/wp-content/uploads/2022/11/IMG-20221116-WA0002.jpg" alt="" class="wp-image-3164" srcset="http://www.vsbadschoenau.ac.at/wp-content/uploads/2022/11/IMG-20221116-WA0002.jpg 1024w, http://www.vsbadschoenau.ac.at/wp-content/uploads/2022/11/IMG-20221116-WA0002-300x225.jpg 300w, http://www.vsbadschoenau.ac.at/wp-content/uploads/2022/11/IMG-20221116-WA0002-768x576.jpg 768w" sizes="(max-width: 1024px) 100vw, 1024px" /></figure>
</figure>



<p class="has-text-align-center has-vivid-cyan-blue-color has-text-color"><strong>Gemeinsam mit Sicherheitsexperten der AUVA und Helmi wurden unsere Kinder verkehrsfit gemacht. &#8222;Augen auf, Ohren auf&#8220; lautet die Devise, um den Kindern Augen und Ohren für die Herausforderungen des Straßenverkehrs zu öffnen. </strong></p>



<p><a href="http://www.vsbadschoenau.ac.at/?accordions=galerie-3">Zurück zur Galerie</a></p>

<p>Gemeinsam mit Sicherheitsexperten der AUVA und Helmi wurden unsere Kinder verkehrsfit gemacht. &#8222;Augen auf, Ohren auf&#8220; lautet die Devise, um den Kindern Augen und Ohren für die Herausforderungen des Straßenverkehrs zu öffnen. Zurück zur Galerie</p>
