{"id":3345,"date":"2023-05-24T07:26:01","date_gmt":"2023-05-24T07:26:01","guid":{"rendered":"http:\/\/www.vsbadschoenau.ac.at\/?page_id=3345"},"modified":"2023-05-24T08:38:51","modified_gmt":"2023-05-24T08:38:51","slug":"flurreinigung","status":"publish","type":"page","link":"http:\/\/www.vsbadschoenau.ac.at\/?page_id=3345","title":{"rendered":"Flurreinigung"},"content":{"rendered":"\n<figure class=\"is-layout-flex wp-block-gallery-1 wp-block-gallery has-nested-images columns-2 is-cropped\">\n<figure class=\"wp-block-image size-large is-style-default\"><img decoding=\"async\" loading=\"lazy\" width=\"768\" height=\"1024\" data-id=\"3349\"  src=\"http:\/\/www.vsbadschoenau.ac.at\/wp-content\/uploads\/2023\/05\/IMG-20230524-WA0006-768x1024.jpg\" alt=\"\" class=\"wp-image-3349\" srcset=\"http:\/\/www.vsbadschoenau.ac.at\/wp-content\/uploads\/2023\/05\/IMG-20230524-WA0006-768x1024.jpg 768w, http:\/\/www.vsbadschoenau.ac.at\/wp-content\/uploads\/2023\/05\/IMG-20230524-WA0006-225x300.jpg 225w, http:\/\/www.vsbadschoenau.ac.at\/wp-content\/uploads\/2023\/05\/IMG-20230524-WA0006-1152x1536.jpg 1152w, http:\/\/www.vsbadschoenau.ac.at\/wp-content\/uploads\/2023\/05\/IMG-20230524-WA0006.jpg 1536w\" sizes=\"(max-width: 768px) 100vw, 768px\" \/><\/figure>\n\n\n\n<figure class=\"wp-block-image size-large is-style-default\"><img decoding=\"async\" loading=\"lazy\" width=\"768\" height=\"1024\" data-id=\"3350\"  src=\"http:\/\/www.vsbadschoenau.ac.at\/wp-content\/uploads\/2023\/05\/IMG-20230524-WA0009-768x1024.jpg\" alt=\"\" class=\"wp-image-3350\" srcset=\"http:\/\/www.vsbadschoenau.ac.at\/wp-content\/uploads\/2023\/05\/IMG-20230524-WA0009-768x1024.jpg 768w, http:\/\/www.vsbadschoenau.ac.at\/wp-content\/uploads\/2023\/05\/IMG-20230524-WA0009-225x300.jpg 225w, http:\/\/www.vsbadschoenau.ac.at\/wp-content\/uploads\/2023\/05\/IMG-20230524-WA0009-1152x1536.jpg 1152w, http:\/\/www.vsbadschoenau.ac.at\/wp-content\/uploads\/2023\/05\/IMG-20230524-WA0009.jpg 1536w\" sizes=\"(max-width: 768px) 100vw, 768px\" \/><\/figure>\n\n\n\n<figure class=\"wp-block-image size-large is-style-default\"><img decoding=\"async\" loading=\"lazy\" width=\"1024\" height=\"768\" data-id=\"3348\"  src=\"http:\/\/www.vsbadschoenau.ac.at\/wp-content\/uploads\/2023\/05\/IMG-20230524-WA0005-1024x768.jpg\" alt=\"\" class=\"wp-image-3348\" srcset=\"http:\/\/www.vsbadschoenau.ac.at\/wp-content\/uploads\/2023\/05\/IMG-20230524-WA0005-1024x768.jpg 1024w, http:\/\/www.vsbadschoenau.ac.at\/wp-content\/uploads\/2023\/05\/IMG-20230524-WA0005-300x225.jpg 300w, http:\/\/www.vsbadschoenau.ac.at\/wp-content\/uploads\/2023\/05\/IMG-20230524-WA0005-768x576.jpg 768w, http:\/\/www.vsbadschoenau.ac.at\/wp-content\/uploads\/2023\/05\/IMG-20230524-WA0005-1536x1152.jpg 1536w, http:\/\/www.vsbadschoenau.ac.at\/wp-content\/uploads\/2023\/05\/IMG-20230524-WA0005.jpg 2048w\" sizes=\"(max-width: 1024px) 100vw, 1024px\" \/><\/figure>\n\n\n\n<figure class=\"wp-block-image size-large is-style-default\"><img decoding=\"async\" loading=\"lazy\" width=\"1024\" height=\"768\" data-id=\"3347\"  src=\"http:\/\/www.vsbadschoenau.ac.at\/wp-content\/uploads\/2023\/05\/IMG-20230524-WA0007-1024x768.jpg\" alt=\"\" class=\"wp-image-3347\" srcset=\"http:\/\/www.vsbadschoenau.ac.at\/wp-content\/uploads\/2023\/05\/IMG-20230524-WA0007-1024x768.jpg 1024w, http:\/\/www.vsbadschoenau.ac.at\/wp-content\/uploads\/2023\/05\/IMG-20230524-WA0007-300x225.jpg 300w, http:\/\/www.vsbadschoenau.ac.at\/wp-content\/uploads\/2023\/05\/IMG-20230524-WA0007-768x576.jpg 768w, http:\/\/www.vsbadschoenau.ac.at\/wp-content\/uploads\/2023\/05\/IMG-20230524-WA0007-1536x1152.jpg 1536w, http:\/\/www.vsbadschoenau.ac.at\/wp-content\/uploads\/2023\/05\/IMG-20230524-WA0007.jpg 2048w\" sizes=\"(max-width: 1024px) 100vw, 1024px\" \/><\/figure>\n<\/figure>\n\n\n\n<p class=\"has-text-align-center has-vivid-cyan-blue-color has-text-color\"><strong>Am 26.04.2023 fand f\u00fcr die Kinder VS die Flurreinigung im Ort statt. Mit Restm\u00fclls\u00e4cken von der Gemeinde machten sie sich auf den Weg, um jede Menge M\u00fcll einzusammeln. Danke an Mario Kleinrath f\u00fcr die die Begleitung und an die Gemeinde f\u00fcr die anschlie\u00dfende Essens- und Getr\u00e4nkeversorgung im Gasthaus Geier. <\/strong><\/p>\n\n\n\n<p><a href=\"http:\/\/www.vsbadschoenau.ac.at\/?accordions=galerie-3\">Zur\u00fcck zur Galerie<\/a><\/p>\n","protected":false},"excerpt":{"rendered":"<p>Am 26.04.2023 fand f\u00fcr die Kinder VS die Flurreinigung im Ort statt. Mit Restm\u00fclls\u00e4cken von der Gemeinde machten sie sich auf den Weg, um jede Menge M\u00fcll einzusammeln. Danke an Mario Kleinrath f\u00fcr die die Begleitung und an die Gemeinde f\u00fcr die anschlie\u00dfende Essens- und Getr\u00e4nkeversorgung im Gasthaus Geier. Zur\u00fcck zur Galerie<\/p>\n","protected":false},"author":1,"featured_media":0,"parent":0,"menu_order":0,"comment_status":"closed","ping_status":"closed","template":"","meta":[],"_links":{"self":[{"href":"http:\/\/www.vsbadschoenau.ac.at\/index.php?rest_route=\/wp\/v2\/pages\/3345"}],"collection":[{"href":"http:\/\/www.vsbadschoenau.ac.at\/index.php?rest_route=\/wp\/v2\/pages"}],"about":[{"href":"http:\/\/www.vsbadschoenau.ac.at\/index.php?rest_route=\/wp\/v2\/types\/page"}],"author":[{"embeddable":true,"href":"http:\/\/www.vsbadschoenau.ac.at\/index.php?rest_route=\/wp\/v2\/users\/1"}],"replies":[{"embeddable":true,"href":"http:\/\/www.vsbadschoenau.ac.at\/index.php?rest_route=%2Fwp%2Fv2%2Fcomments&post=3345"}],"version-history":[{"count":2,"href":"http:\/\/www.vsbadschoenau.ac.at\/index.php?rest_route=\/wp\/v2\/pages\/3345\/revisions"}],"predecessor-version":[{"id":3352,"href":"http:\/\/www.vsbadschoenau.ac.at\/index.php?rest_route=\/wp\/v2\/pages\/3345\/revisions\/3352"}],"wp:attachment":[{"href":"http:\/\/www.vsbadschoenau.ac.at\/index.php?rest_route=%2Fwp%2Fv2%2Fmedia&parent=3345"}],"curies":[{"name":"wp","href":"https:\/\/api.w.org\/{rel}","templated":true}]}}

<figure class="is-layout-flex wp-block-gallery-1 wp-block-gallery has-nested-images columns-2 is-cropped">
<figure class="wp-block-image size-large is-style-default"><img decoding="async" loading="lazy" width="768" height="1024" data-id="3349"  src="http://www.vsbadschoenau.ac.at/wp-content/uploads/2023/05/IMG-20230524-WA0006-768x1024.jpg" alt="" class="wp-image-3349" srcset="http://www.vsbadschoenau.ac.at/wp-content/uploads/2023/05/IMG-20230524-WA0006-768x1024.jpg 768w, http://www.vsbadschoenau.ac.at/wp-content/uploads/2023/05/IMG-20230524-WA0006-225x300.jpg 225w, http://www.vsbadschoenau.ac.at/wp-content/uploads/2023/05/IMG-20230524-WA0006-1152x1536.jpg 1152w, http://www.vsbadschoenau.ac.at/wp-content/uploads/2023/05/IMG-20230524-WA0006.jpg 1536w" sizes="(max-width: 768px) 100vw, 768px" /></figure>



<figure class="wp-block-image size-large is-style-default"><img decoding="async" loading="lazy" width="768" height="1024" data-id="3350"  src="http://www.vsbadschoenau.ac.at/wp-content/uploads/2023/05/IMG-20230524-WA0009-768x1024.jpg" alt="" class="wp-image-3350" srcset="http://www.vsbadschoenau.ac.at/wp-content/uploads/2023/05/IMG-20230524-WA0009-768x1024.jpg 768w, http://www.vsbadschoenau.ac.at/wp-content/uploads/2023/05/IMG-20230524-WA0009-225x300.jpg 225w, http://www.vsbadschoenau.ac.at/wp-content/uploads/2023/05/IMG-20230524-WA0009-1152x1536.jpg 1152w, http://www.vsbadschoenau.ac.at/wp-content/uploads/2023/05/IMG-20230524-WA0009.jpg 1536w" sizes="(max-width: 768px) 100vw, 768px" /></figure>



<figure class="wp-block-image size-large is-style-default"><img decoding="async" loading="lazy" width="1024" height="768" data-id="3348"  src="http://www.vsbadschoenau.ac.at/wp-content/uploads/2023/05/IMG-20230524-WA0005-1024x768.jpg" alt="" class="wp-image-3348" srcset="http://www.vsbadschoenau.ac.at/wp-content/uploads/2023/05/IMG-20230524-WA0005-1024x768.jpg 1024w, http://www.vsbadschoenau.ac.at/wp-content/uploads/2023/05/IMG-20230524-WA0005-300x225.jpg 300w, http://www.vsbadschoenau.ac.at/wp-content/uploads/2023/05/IMG-20230524-WA0005-768x576.jpg 768w, http://www.vsbadschoenau.ac.at/wp-content/uploads/2023/05/IMG-20230524-WA0005-1536x1152.jpg 1536w, http://www.vsbadschoenau.ac.at/wp-content/uploads/2023/05/IMG-20230524-WA0005.jpg 2048w" sizes="(max-width: 1024px) 100vw, 1024px" /></figure>



<figure class="wp-block-image size-large is-style-default"><img decoding="async" loading="lazy" width="1024" height="768" data-id="3347"  src="http://www.vsbadschoenau.ac.at/wp-content/uploads/2023/05/IMG-20230524-WA0007-1024x768.jpg" alt="" class="wp-image-3347" srcset="http://www.vsbadschoenau.ac.at/wp-content/uploads/2023/05/IMG-20230524-WA0007-1024x768.jpg 1024w, http://www.vsbadschoenau.ac.at/wp-content/uploads/2023/05/IMG-20230524-WA0007-300x225.jpg 300w, http://www.vsbadschoenau.ac.at/wp-content/uploads/2023/05/IMG-20230524-WA0007-768x576.jpg 768w, http://www.vsbadschoenau.ac.at/wp-content/uploads/2023/05/IMG-20230524-WA0007-1536x1152.jpg 1536w, http://www.vsbadschoenau.ac.at/wp-content/uploads/2023/05/IMG-20230524-WA0007.jpg 2048w" sizes="(max-width: 1024px) 100vw, 1024px" /></figure>
</figure>



<p class="has-text-align-center has-vivid-cyan-blue-color has-text-color"><strong>Am 26.04.2023 fand für die Kinder VS die Flurreinigung im Ort statt. Mit Restmüllsäcken von der Gemeinde machten sie sich auf den Weg, um jede Menge Müll einzusammeln. Danke an Mario Kleinrath für die die Begleitung und an die Gemeinde für die anschließende Essens- und Getränkeversorgung im Gasthaus Geier. </strong></p>



<p><a href="http://www.vsbadschoenau.ac.at/?accordions=galerie-3">Zurück zur Galerie</a></p>

<p>Am 26.04.2023 fand für die Kinder VS die Flurreinigung im Ort statt. Mit Restmüllsäcken von der Gemeinde machten sie sich auf den Weg, um jede Menge Müll einzusammeln. Danke an Mario Kleinrath für die die Begleitung und an die Gemeinde für die anschließende Essens- und Getränkeversorgung im Gasthaus Geier. Zurück zur Galerie</p>
