{"id":3402,"date":"2023-06-15T07:57:13","date_gmt":"2023-06-15T07:57:13","guid":{"rendered":"http:\/\/www.vsbadschoenau.ac.at\/?page_id=3402"},"modified":"2023-06-27T06:33:11","modified_gmt":"2023-06-27T06:33:11","slug":"sternwallfahrt","status":"publish","type":"page","link":"http:\/\/www.vsbadschoenau.ac.at\/?page_id=3402","title":{"rendered":"Sternwallfahrt"},"content":{"rendered":"\n<figure class=\"is-layout-flex wp-block-gallery-1 wp-block-gallery has-nested-images columns-default is-cropped\">\n<figure class=\"wp-block-image size-large is-style-default\"><img decoding=\"async\" loading=\"lazy\" width=\"768\" height=\"1024\" data-id=\"3404\"  src=\"http:\/\/www.vsbadschoenau.ac.at\/wp-content\/uploads\/2023\/06\/IMG-20230614-WA0000.jpg\" alt=\"\" class=\"wp-image-3404\" srcset=\"http:\/\/www.vsbadschoenau.ac.at\/wp-content\/uploads\/2023\/06\/IMG-20230614-WA0000.jpg 768w, http:\/\/www.vsbadschoenau.ac.at\/wp-content\/uploads\/2023\/06\/IMG-20230614-WA0000-225x300.jpg 225w\" sizes=\"(max-width: 768px) 100vw, 768px\" \/><\/figure>\n\n\n\n<figure class=\"wp-block-image size-large is-style-default\"><img decoding=\"async\" loading=\"lazy\" width=\"768\" height=\"1024\" data-id=\"3408\"  src=\"http:\/\/www.vsbadschoenau.ac.at\/wp-content\/uploads\/2023\/06\/IMG-20230614-WA0001.jpg\" alt=\"\" class=\"wp-image-3408\" srcset=\"http:\/\/www.vsbadschoenau.ac.at\/wp-content\/uploads\/2023\/06\/IMG-20230614-WA0001.jpg 768w, http:\/\/www.vsbadschoenau.ac.at\/wp-content\/uploads\/2023\/06\/IMG-20230614-WA0001-225x300.jpg 225w\" sizes=\"(max-width: 768px) 100vw, 768px\" \/><\/figure>\n\n\n\n<figure class=\"wp-block-image size-large is-style-default\"><img decoding=\"async\" loading=\"lazy\" width=\"768\" height=\"1024\" data-id=\"3405\"  src=\"http:\/\/www.vsbadschoenau.ac.at\/wp-content\/uploads\/2023\/06\/IMG-20230614-WA0003.jpg\" alt=\"\" class=\"wp-image-3405\" srcset=\"http:\/\/www.vsbadschoenau.ac.at\/wp-content\/uploads\/2023\/06\/IMG-20230614-WA0003.jpg 768w, http:\/\/www.vsbadschoenau.ac.at\/wp-content\/uploads\/2023\/06\/IMG-20230614-WA0003-225x300.jpg 225w\" sizes=\"(max-width: 768px) 100vw, 768px\" \/><\/figure>\n\n\n\n<figure class=\"wp-block-image size-large is-style-default\"><img decoding=\"async\" loading=\"lazy\" width=\"768\" height=\"1024\" data-id=\"3406\"  src=\"http:\/\/www.vsbadschoenau.ac.at\/wp-content\/uploads\/2023\/06\/IMG-20230614-WA0005.jpg\" alt=\"\" class=\"wp-image-3406\" srcset=\"http:\/\/www.vsbadschoenau.ac.at\/wp-content\/uploads\/2023\/06\/IMG-20230614-WA0005.jpg 768w, http:\/\/www.vsbadschoenau.ac.at\/wp-content\/uploads\/2023\/06\/IMG-20230614-WA0005-225x300.jpg 225w\" sizes=\"(max-width: 768px) 100vw, 768px\" \/><\/figure>\n\n\n\n<figure class=\"wp-block-image size-large is-style-default\"><img decoding=\"async\" loading=\"lazy\" width=\"768\" height=\"1024\" data-id=\"3407\"  src=\"http:\/\/www.vsbadschoenau.ac.at\/wp-content\/uploads\/2023\/06\/IMG-20230614-WA0006.jpg\" alt=\"\" class=\"wp-image-3407\" srcset=\"http:\/\/www.vsbadschoenau.ac.at\/wp-content\/uploads\/2023\/06\/IMG-20230614-WA0006.jpg 768w, http:\/\/www.vsbadschoenau.ac.at\/wp-content\/uploads\/2023\/06\/IMG-20230614-WA0006-225x300.jpg 225w\" sizes=\"(max-width: 768px) 100vw, 768px\" \/><\/figure>\n\n\n\n<figure class=\"wp-block-image size-large is-style-default\"><img decoding=\"async\" loading=\"lazy\" width=\"768\" height=\"1024\" data-id=\"3409\"  src=\"http:\/\/www.vsbadschoenau.ac.at\/wp-content\/uploads\/2023\/06\/IMG-20230614-WA0007.jpg\" alt=\"\" class=\"wp-image-3409\" srcset=\"http:\/\/www.vsbadschoenau.ac.at\/wp-content\/uploads\/2023\/06\/IMG-20230614-WA0007.jpg 768w, http:\/\/www.vsbadschoenau.ac.at\/wp-content\/uploads\/2023\/06\/IMG-20230614-WA0007-225x300.jpg 225w\" sizes=\"(max-width: 768px) 100vw, 768px\" \/><\/figure>\n\n\n\n<figure class=\"wp-block-image size-large is-style-default\"><img decoding=\"async\" loading=\"lazy\" width=\"768\" height=\"1024\" data-id=\"3410\"  src=\"http:\/\/www.vsbadschoenau.ac.at\/wp-content\/uploads\/2023\/06\/IMG-20230614-WA0009.jpg\" alt=\"\" class=\"wp-image-3410\" srcset=\"http:\/\/www.vsbadschoenau.ac.at\/wp-content\/uploads\/2023\/06\/IMG-20230614-WA0009.jpg 768w, http:\/\/www.vsbadschoenau.ac.at\/wp-content\/uploads\/2023\/06\/IMG-20230614-WA0009-225x300.jpg 225w\" sizes=\"(max-width: 768px) 100vw, 768px\" \/><\/figure>\n\n\n\n<figure class=\"wp-block-image size-large is-style-default\"><img decoding=\"async\" loading=\"lazy\" width=\"768\" height=\"1024\" data-id=\"3411\"  src=\"http:\/\/www.vsbadschoenau.ac.at\/wp-content\/uploads\/2023\/06\/IMG-20230614-WA0010.jpg\" alt=\"\" class=\"wp-image-3411\" srcset=\"http:\/\/www.vsbadschoenau.ac.at\/wp-content\/uploads\/2023\/06\/IMG-20230614-WA0010.jpg 768w, http:\/\/www.vsbadschoenau.ac.at\/wp-content\/uploads\/2023\/06\/IMG-20230614-WA0010-225x300.jpg 225w\" sizes=\"(max-width: 768px) 100vw, 768px\" \/><\/figure>\n<\/figure>\n\n\n\n<p class=\"has-luminous-vivid-orange-color has-text-color\"><strong>Endlich war es wieder soweit! Am Dienstag, den 13. Juni 2023 nahmen 520 Kinder aus 20 Volksschulen an der alle 2 Jahre stattfindenden Sternwallfahrt teil. Auch die 3. und 4. Schulstufe der VS Bad Sch\u00f6nau war dieses Mal wieder dabei. <\/strong><\/p>\n\n\n\n<p class=\"has-luminous-vivid-orange-color has-text-color\"><strong>Mit 3 Kleinbussen ging die Fahrt nach Lichtenegg und von dort aus wanderten wir nach Kaltenberg zur Kirche Maria Schnee. Dort feierten wir gemeinsam mit gro\u00dfer Freude und sichtlicher Begeisterung aller anwesender Sch\u00fcler, Lehrer, Priester und zahlreicher G\u00e4ste unsere Andacht. Anschlie\u00dfend ging es zu einer Agape auf die naheliegende Festwiese, wo dieses sicher unvergessliche Erlebnis seinen Ausklang fand. <\/strong><\/p>\n\n\n\n<p class=\"has-text-align-center has-luminous-vivid-orange-color has-text-color\"><strong>Der Segen Gottes hat uns begleitet!<\/strong><\/p>\n\n\n\n<p><a href=\"http:\/\/www.vsbadschoenau.ac.at\/?accordions=galerie-3\">Zur\u00fcck zur Galerie<\/a><\/p>\n","protected":false},"excerpt":{"rendered":"<p>Endlich war es wieder soweit! Am Dienstag, den 13. Juni 2023 nahmen 520 Kinder aus 20 Volksschulen an der alle 2 Jahre stattfindenden Sternwallfahrt teil. Auch die 3. und 4. Schulstufe der VS Bad Sch\u00f6nau war dieses Mal wieder dabei. Mit 3 Kleinbussen ging die Fahrt nach Lichtenegg und von dort aus wanderten wir nach [&hellip;]<\/p>\n","protected":false},"author":1,"featured_media":0,"parent":0,"menu_order":0,"comment_status":"closed","ping_status":"closed","template":"","meta":[],"_links":{"self":[{"href":"http:\/\/www.vsbadschoenau.ac.at\/index.php?rest_route=\/wp\/v2\/pages\/3402"}],"collection":[{"href":"http:\/\/www.vsbadschoenau.ac.at\/index.php?rest_route=\/wp\/v2\/pages"}],"about":[{"href":"http:\/\/www.vsbadschoenau.ac.at\/index.php?rest_route=\/wp\/v2\/types\/page"}],"author":[{"embeddable":true,"href":"http:\/\/www.vsbadschoenau.ac.at\/index.php?rest_route=\/wp\/v2\/users\/1"}],"replies":[{"embeddable":true,"href":"http:\/\/www.vsbadschoenau.ac.at\/index.php?rest_route=%2Fwp%2Fv2%2Fcomments&post=3402"}],"version-history":[{"count":3,"href":"http:\/\/www.vsbadschoenau.ac.at\/index.php?rest_route=\/wp\/v2\/pages\/3402\/revisions"}],"predecessor-version":[{"id":3419,"href":"http:\/\/www.vsbadschoenau.ac.at\/index.php?rest_route=\/wp\/v2\/pages\/3402\/revisions\/3419"}],"wp:attachment":[{"href":"http:\/\/www.vsbadschoenau.ac.at\/index.php?rest_route=%2Fwp%2Fv2%2Fmedia&parent=3402"}],"curies":[{"name":"wp","href":"https:\/\/api.w.org\/{rel}","templated":true}]}}

<figure class="is-layout-flex wp-block-gallery-1 wp-block-gallery has-nested-images columns-default is-cropped">
<figure class="wp-block-image size-large is-style-default"><img decoding="async" loading="lazy" width="768" height="1024" data-id="3404"  src="http://www.vsbadschoenau.ac.at/wp-content/uploads/2023/06/IMG-20230614-WA0000.jpg" alt="" class="wp-image-3404" srcset="http://www.vsbadschoenau.ac.at/wp-content/uploads/2023/06/IMG-20230614-WA0000.jpg 768w, http://www.vsbadschoenau.ac.at/wp-content/uploads/2023/06/IMG-20230614-WA0000-225x300.jpg 225w" sizes="(max-width: 768px) 100vw, 768px" /></figure>



<figure class="wp-block-image size-large is-style-default"><img decoding="async" loading="lazy" width="768" height="1024" data-id="3408"  src="http://www.vsbadschoenau.ac.at/wp-content/uploads/2023/06/IMG-20230614-WA0001.jpg" alt="" class="wp-image-3408" srcset="http://www.vsbadschoenau.ac.at/wp-content/uploads/2023/06/IMG-20230614-WA0001.jpg 768w, http://www.vsbadschoenau.ac.at/wp-content/uploads/2023/06/IMG-20230614-WA0001-225x300.jpg 225w" sizes="(max-width: 768px) 100vw, 768px" /></figure>



<figure class="wp-block-image size-large is-style-default"><img decoding="async" loading="lazy" width="768" height="1024" data-id="3405"  src="http://www.vsbadschoenau.ac.at/wp-content/uploads/2023/06/IMG-20230614-WA0003.jpg" alt="" class="wp-image-3405" srcset="http://www.vsbadschoenau.ac.at/wp-content/uploads/2023/06/IMG-20230614-WA0003.jpg 768w, http://www.vsbadschoenau.ac.at/wp-content/uploads/2023/06/IMG-20230614-WA0003-225x300.jpg 225w" sizes="(max-width: 768px) 100vw, 768px" /></figure>



<figure class="wp-block-image size-large is-style-default"><img decoding="async" loading="lazy" width="768" height="1024" data-id="3406"  src="http://www.vsbadschoenau.ac.at/wp-content/uploads/2023/06/IMG-20230614-WA0005.jpg" alt="" class="wp-image-3406" srcset="http://www.vsbadschoenau.ac.at/wp-content/uploads/2023/06/IMG-20230614-WA0005.jpg 768w, http://www.vsbadschoenau.ac.at/wp-content/uploads/2023/06/IMG-20230614-WA0005-225x300.jpg 225w" sizes="(max-width: 768px) 100vw, 768px" /></figure>



<figure class="wp-block-image size-large is-style-default"><img decoding="async" loading="lazy" width="768" height="1024" data-id="3407"  src="http://www.vsbadschoenau.ac.at/wp-content/uploads/2023/06/IMG-20230614-WA0006.jpg" alt="" class="wp-image-3407" srcset="http://www.vsbadschoenau.ac.at/wp-content/uploads/2023/06/IMG-20230614-WA0006.jpg 768w, http://www.vsbadschoenau.ac.at/wp-content/uploads/2023/06/IMG-20230614-WA0006-225x300.jpg 225w" sizes="(max-width: 768px) 100vw, 768px" /></figure>



<figure class="wp-block-image size-large is-style-default"><img decoding="async" loading="lazy" width="768" height="1024" data-id="3409"  src="http://www.vsbadschoenau.ac.at/wp-content/uploads/2023/06/IMG-20230614-WA0007.jpg" alt="" class="wp-image-3409" srcset="http://www.vsbadschoenau.ac.at/wp-content/uploads/2023/06/IMG-20230614-WA0007.jpg 768w, http://www.vsbadschoenau.ac.at/wp-content/uploads/2023/06/IMG-20230614-WA0007-225x300.jpg 225w" sizes="(max-width: 768px) 100vw, 768px" /></figure>



<figure class="wp-block-image size-large is-style-default"><img decoding="async" loading="lazy" width="768" height="1024" data-id="3410"  src="http://www.vsbadschoenau.ac.at/wp-content/uploads/2023/06/IMG-20230614-WA0009.jpg" alt="" class="wp-image-3410" srcset="http://www.vsbadschoenau.ac.at/wp-content/uploads/2023/06/IMG-20230614-WA0009.jpg 768w, http://www.vsbadschoenau.ac.at/wp-content/uploads/2023/06/IMG-20230614-WA0009-225x300.jpg 225w" sizes="(max-width: 768px) 100vw, 768px" /></figure>



<figure class="wp-block-image size-large is-style-default"><img decoding="async" loading="lazy" width="768" height="1024" data-id="3411"  src="http://www.vsbadschoenau.ac.at/wp-content/uploads/2023/06/IMG-20230614-WA0010.jpg" alt="" class="wp-image-3411" srcset="http://www.vsbadschoenau.ac.at/wp-content/uploads/2023/06/IMG-20230614-WA0010.jpg 768w, http://www.vsbadschoenau.ac.at/wp-content/uploads/2023/06/IMG-20230614-WA0010-225x300.jpg 225w" sizes="(max-width: 768px) 100vw, 768px" /></figure>
</figure>



<p class="has-luminous-vivid-orange-color has-text-color"><strong>Endlich war es wieder soweit! Am Dienstag, den 13. Juni 2023 nahmen 520 Kinder aus 20 Volksschulen an der alle 2 Jahre stattfindenden Sternwallfahrt teil. Auch die 3. und 4. Schulstufe der VS Bad Schönau war dieses Mal wieder dabei. </strong></p>



<p class="has-luminous-vivid-orange-color has-text-color"><strong>Mit 3 Kleinbussen ging die Fahrt nach Lichtenegg und von dort aus wanderten wir nach Kaltenberg zur Kirche Maria Schnee. Dort feierten wir gemeinsam mit großer Freude und sichtlicher Begeisterung aller anwesender Schüler, Lehrer, Priester und zahlreicher Gäste unsere Andacht. Anschließend ging es zu einer Agape auf die naheliegende Festwiese, wo dieses sicher unvergessliche Erlebnis seinen Ausklang fand. </strong></p>



<p class="has-text-align-center has-luminous-vivid-orange-color has-text-color"><strong>Der Segen Gottes hat uns begleitet!</strong></p>



<p><a href="http://www.vsbadschoenau.ac.at/?accordions=galerie-3">Zurück zur Galerie</a></p>

<p>Endlich war es wieder soweit! Am Dienstag, den 13. Juni 2023 nahmen 520 Kinder aus 20 Volksschulen an der alle 2 Jahre stattfindenden Sternwallfahrt teil. Auch die 3. und 4. Schulstufe der VS Bad Schönau war dieses Mal wieder dabei. Mit 3 Kleinbussen ging die Fahrt nach Lichtenegg und von dort aus wanderten wir nach [&hellip;]</p>
