{"id":3640,"date":"2023-12-22T07:29:22","date_gmt":"2023-12-22T07:29:22","guid":{"rendered":"https:\/\/www.vsbadschoenau.ac.at\/?page_id=3640"},"modified":"2024-01-08T08:57:28","modified_gmt":"2024-01-08T08:57:28","slug":"weihnachtsstationen","status":"publish","type":"page","link":"http:\/\/www.vsbadschoenau.ac.at\/?page_id=3640","title":{"rendered":"Weihnachtsstationen"},"content":{"rendered":"\n<figure class=\"is-layout-flex wp-block-gallery-1 wp-block-gallery has-nested-images columns-default is-cropped\">\n<figure class=\"wp-block-image size-large is-style-default\"><img decoding=\"async\" loading=\"lazy\" width=\"768\" height=\"1024\" data-id=\"3642\"  src=\"https:\/\/www.vsbadschoenau.ac.at\/wp-content\/uploads\/2023\/12\/IMG-20231221-WA0000.jpg\" alt=\"\" class=\"wp-image-3642\" srcset=\"http:\/\/www.vsbadschoenau.ac.at\/wp-content\/uploads\/2023\/12\/IMG-20231221-WA0000.jpg 768w, http:\/\/www.vsbadschoenau.ac.at\/wp-content\/uploads\/2023\/12\/IMG-20231221-WA0000-225x300.jpg 225w\" sizes=\"(max-width: 768px) 100vw, 768px\" \/><\/figure>\n\n\n\n<figure class=\"wp-block-image size-large is-style-default\"><img decoding=\"async\" loading=\"lazy\" width=\"768\" height=\"1024\" data-id=\"3644\"  src=\"https:\/\/www.vsbadschoenau.ac.at\/wp-content\/uploads\/2023\/12\/IMG-20231221-WA0001.jpg\" alt=\"\" class=\"wp-image-3644\" srcset=\"http:\/\/www.vsbadschoenau.ac.at\/wp-content\/uploads\/2023\/12\/IMG-20231221-WA0001.jpg 768w, http:\/\/www.vsbadschoenau.ac.at\/wp-content\/uploads\/2023\/12\/IMG-20231221-WA0001-225x300.jpg 225w\" sizes=\"(max-width: 768px) 100vw, 768px\" \/><\/figure>\n\n\n\n<figure class=\"wp-block-image size-large is-style-default\"><img decoding=\"async\" loading=\"lazy\" width=\"768\" height=\"1024\" data-id=\"3645\"  src=\"https:\/\/www.vsbadschoenau.ac.at\/wp-content\/uploads\/2023\/12\/IMG-20231221-WA0002.jpg\" alt=\"\" class=\"wp-image-3645\" srcset=\"http:\/\/www.vsbadschoenau.ac.at\/wp-content\/uploads\/2023\/12\/IMG-20231221-WA0002.jpg 768w, http:\/\/www.vsbadschoenau.ac.at\/wp-content\/uploads\/2023\/12\/IMG-20231221-WA0002-225x300.jpg 225w\" sizes=\"(max-width: 768px) 100vw, 768px\" \/><\/figure>\n\n\n\n<figure class=\"wp-block-image size-large is-style-default\"><img decoding=\"async\" loading=\"lazy\" width=\"768\" height=\"1024\" data-id=\"3641\"  src=\"https:\/\/www.vsbadschoenau.ac.at\/wp-content\/uploads\/2023\/12\/IMG-20231221-WA0003.jpg\" alt=\"\" class=\"wp-image-3641\" srcset=\"http:\/\/www.vsbadschoenau.ac.at\/wp-content\/uploads\/2023\/12\/IMG-20231221-WA0003.jpg 768w, http:\/\/www.vsbadschoenau.ac.at\/wp-content\/uploads\/2023\/12\/IMG-20231221-WA0003-225x300.jpg 225w\" sizes=\"(max-width: 768px) 100vw, 768px\" \/><\/figure>\n\n\n\n<figure class=\"wp-block-image size-large is-style-default\"><img decoding=\"async\" loading=\"lazy\" width=\"768\" height=\"1024\" data-id=\"3643\"  src=\"https:\/\/www.vsbadschoenau.ac.at\/wp-content\/uploads\/2023\/12\/IMG-20231221-WA0004.jpg\" alt=\"\" class=\"wp-image-3643\" srcset=\"http:\/\/www.vsbadschoenau.ac.at\/wp-content\/uploads\/2023\/12\/IMG-20231221-WA0004.jpg 768w, http:\/\/www.vsbadschoenau.ac.at\/wp-content\/uploads\/2023\/12\/IMG-20231221-WA0004-225x300.jpg 225w\" sizes=\"(max-width: 768px) 100vw, 768px\" \/><\/figure>\n<\/figure>\n\n\n\n<p class=\"has-text-align-center has-vivid-purple-color has-text-color\"><strong>In einem Stationenbetrieb konnten die Kinder allerhand \u00fcber Weihnachten in anderen L\u00e4ndern erfahren und flei\u00dfig Kekse ausstechen und verzieren. <\/strong><\/p>\n\n\n\n<p><a href=\"http:\/\/www.vsbadschoenau.ac.at\/?accordions=galerie-23-24\">Zur\u00fcck zur Galerie<\/a><\/p>\n","protected":false},"excerpt":{"rendered":"<p>In einem Stationenbetrieb konnten die Kinder allerhand \u00fcber Weihnachten in anderen L\u00e4ndern erfahren und flei\u00dfig Kekse ausstechen und verzieren. Zur\u00fcck zur Galerie<\/p>\n","protected":false},"author":1,"featured_media":0,"parent":0,"menu_order":0,"comment_status":"closed","ping_status":"closed","template":"","meta":[],"_links":{"self":[{"href":"http:\/\/www.vsbadschoenau.ac.at\/index.php?rest_route=\/wp\/v2\/pages\/3640"}],"collection":[{"href":"http:\/\/www.vsbadschoenau.ac.at\/index.php?rest_route=\/wp\/v2\/pages"}],"about":[{"href":"http:\/\/www.vsbadschoenau.ac.at\/index.php?rest_route=\/wp\/v2\/types\/page"}],"author":[{"embeddable":true,"href":"http:\/\/www.vsbadschoenau.ac.at\/index.php?rest_route=\/wp\/v2\/users\/1"}],"replies":[{"embeddable":true,"href":"http:\/\/www.vsbadschoenau.ac.at\/index.php?rest_route=%2Fwp%2Fv2%2Fcomments&post=3640"}],"version-history":[{"count":2,"href":"http:\/\/www.vsbadschoenau.ac.at\/index.php?rest_route=\/wp\/v2\/pages\/3640\/revisions"}],"predecessor-version":[{"id":3677,"href":"http:\/\/www.vsbadschoenau.ac.at\/index.php?rest_route=\/wp\/v2\/pages\/3640\/revisions\/3677"}],"wp:attachment":[{"href":"http:\/\/www.vsbadschoenau.ac.at\/index.php?rest_route=%2Fwp%2Fv2%2Fmedia&parent=3640"}],"curies":[{"name":"wp","href":"https:\/\/api.w.org\/{rel}","templated":true}]}}