{"id":37,"date":"2017-08-31T13:03:29","date_gmt":"2017-08-31T13:03:29","guid":{"rendered":"http:\/\/www.vsbadschoenau.ac.at\/?page_id=37"},"modified":"2023-10-11T10:01:06","modified_gmt":"2023-10-11T10:01:06","slug":"schulprofilfoerderkonzept","status":"publish","type":"page","link":"http:\/\/www.vsbadschoenau.ac.at\/?page_id=37","title":{"rendered":"Schulprofil"},"content":{"rendered":"\n<blockquote class=\"wp-block-quote is-style-large\">\n<p>Hilf mir es selbst zu tun<\/p>\n<cite>M. Montessori<\/cite><\/blockquote>\n\n\n\n<blockquote class=\"wp-block-quote is-style-large\">\n<p>F\u00f6rdern oder fordern? F\u00f6rdern und fordern? F\u00f6rdern durch fordern!<\/p>\n<cite>M. Monterssori<\/cite><\/blockquote>\n\n\n\n<p><\/p>\n\n\n\n<h2 class=\"has-text-align-center\">IBF<\/h2>\n\n\n\n<p class=\"has-text-align-center\"><\/p>\n","protected":false},"excerpt":{"rendered":"<p>Hilf mir es selbst zu tun M. Montessori F\u00f6rdern oder fordern? F\u00f6rdern und fordern? F\u00f6rdern durch fordern! M. Monterssori IBF<\/p>\n","protected":false},"author":1,"featured_media":24,"parent":0,"menu_order":0,"comment_status":"closed","ping_status":"closed","template":"","meta":[],"_links":{"self":[{"href":"http:\/\/www.vsbadschoenau.ac.at\/index.php?rest_route=\/wp\/v2\/pages\/37"}],"collection":[{"href":"http:\/\/www.vsbadschoenau.ac.at\/index.php?rest_route=\/wp\/v2\/pages"}],"about":[{"href":"http:\/\/www.vsbadschoenau.ac.at\/index.php?rest_route=\/wp\/v2\/types\/page"}],"author":[{"embeddable":true,"href":"http:\/\/www.vsbadschoenau.ac.at\/index.php?rest_route=\/wp\/v2\/users\/1"}],"replies":[{"embeddable":true,"href":"http:\/\/www.vsbadschoenau.ac.at\/index.php?rest_route=%2Fwp%2Fv2%2Fcomments&post=37"}],"version-history":[{"count":6,"href":"http:\/\/www.vsbadschoenau.ac.at\/index.php?rest_route=\/wp\/v2\/pages\/37\/revisions"}],"predecessor-version":[{"id":3558,"href":"http:\/\/www.vsbadschoenau.ac.at\/index.php?rest_route=\/wp\/v2\/pages\/37\/revisions\/3558"}],"wp:featuredmedia":[{"embeddable":true,"href":"http:\/\/www.vsbadschoenau.ac.at\/index.php?rest_route=\/wp\/v2\/media\/24"}],"wp:attachment":[{"href":"http:\/\/www.vsbadschoenau.ac.at\/index.php?rest_route=%2Fwp%2Fv2%2Fmedia&parent=37"}],"curies":[{"name":"wp","href":"https:\/\/api.w.org\/{rel}","templated":true}]}}