{"id":3915,"date":"2024-12-06T08:42:18","date_gmt":"2024-12-06T08:42:18","guid":{"rendered":"https:\/\/www.vsbadschoenau.ac.at\/?page_id=3915"},"modified":"2024-12-06T08:42:18","modified_gmt":"2024-12-06T08:42:18","slug":"adventkranzsegnung-2","status":"publish","type":"page","link":"http:\/\/www.vsbadschoenau.ac.at\/?page_id=3915","title":{"rendered":"Adventkranzsegnung"},"content":{"rendered":"\n<figure class=\"is-layout-flex wp-block-gallery-1 wp-block-gallery aligncenter has-nested-images columns-default is-cropped\">\n<figure class=\"wp-block-image size-large is-style-default\"><img decoding=\"async\" loading=\"lazy\" width=\"1024\" height=\"768\" data-id=\"3916\"  src=\"https:\/\/www.vsbadschoenau.ac.at\/wp-content\/uploads\/2024\/12\/IMG-20241204-WA0003-1024x768.jpg\" alt=\"\" class=\"wp-image-3916\" srcset=\"http:\/\/www.vsbadschoenau.ac.at\/wp-content\/uploads\/2024\/12\/IMG-20241204-WA0003-1024x768.jpg 1024w, http:\/\/www.vsbadschoenau.ac.at\/wp-content\/uploads\/2024\/12\/IMG-20241204-WA0003-300x225.jpg 300w, http:\/\/www.vsbadschoenau.ac.at\/wp-content\/uploads\/2024\/12\/IMG-20241204-WA0003-768x576.jpg 768w, http:\/\/www.vsbadschoenau.ac.at\/wp-content\/uploads\/2024\/12\/IMG-20241204-WA0003-1536x1152.jpg 1536w, http:\/\/www.vsbadschoenau.ac.at\/wp-content\/uploads\/2024\/12\/IMG-20241204-WA0003.jpg 2048w\" sizes=\"(max-width: 1024px) 100vw, 1024px\" \/><\/figure>\n\n\n\n<figure class=\"wp-block-image size-large is-style-default\"><img decoding=\"async\" loading=\"lazy\" width=\"1024\" height=\"768\" data-id=\"3917\"  src=\"https:\/\/www.vsbadschoenau.ac.at\/wp-content\/uploads\/2024\/12\/IMG-20241204-WA0005-1024x768.jpg\" alt=\"\" class=\"wp-image-3917\" srcset=\"http:\/\/www.vsbadschoenau.ac.at\/wp-content\/uploads\/2024\/12\/IMG-20241204-WA0005-1024x768.jpg 1024w, http:\/\/www.vsbadschoenau.ac.at\/wp-content\/uploads\/2024\/12\/IMG-20241204-WA0005-300x225.jpg 300w, http:\/\/www.vsbadschoenau.ac.at\/wp-content\/uploads\/2024\/12\/IMG-20241204-WA0005-768x576.jpg 768w, http:\/\/www.vsbadschoenau.ac.at\/wp-content\/uploads\/2024\/12\/IMG-20241204-WA0005-1536x1152.jpg 1536w, http:\/\/www.vsbadschoenau.ac.at\/wp-content\/uploads\/2024\/12\/IMG-20241204-WA0005.jpg 2048w\" sizes=\"(max-width: 1024px) 100vw, 1024px\" \/><\/figure>\n<\/figure>\n\n\n\n<p class=\"has-text-align-center has-luminous-vivid-amber-color has-text-color\"><strong>Im kleinen, feierlichen Rahmen wurden p\u00fcnktlich vor dem 1. Advent unsere Adventkr\u00e4nze gesegnet. Danke an Herrn Pfarrer Mag. Marosch f\u00fcr seine Zeit.<\/strong><\/p>\n","protected":false},"excerpt":{"rendered":"<p>Im kleinen, feierlichen Rahmen wurden p\u00fcnktlich vor dem 1. Advent unsere Adventkr\u00e4nze gesegnet. Danke an Herrn Pfarrer Mag. Marosch f\u00fcr seine Zeit.<\/p>\n","protected":false},"author":1,"featured_media":0,"parent":0,"menu_order":0,"comment_status":"closed","ping_status":"closed","template":"","meta":[],"_links":{"self":[{"href":"http:\/\/www.vsbadschoenau.ac.at\/index.php?rest_route=\/wp\/v2\/pages\/3915"}],"collection":[{"href":"http:\/\/www.vsbadschoenau.ac.at\/index.php?rest_route=\/wp\/v2\/pages"}],"about":[{"href":"http:\/\/www.vsbadschoenau.ac.at\/index.php?rest_route=\/wp\/v2\/types\/page"}],"author":[{"embeddable":true,"href":"http:\/\/www.vsbadschoenau.ac.at\/index.php?rest_route=\/wp\/v2\/users\/1"}],"replies":[{"embeddable":true,"href":"http:\/\/www.vsbadschoenau.ac.at\/index.php?rest_route=%2Fwp%2Fv2%2Fcomments&post=3915"}],"version-history":[{"count":1,"href":"http:\/\/www.vsbadschoenau.ac.at\/index.php?rest_route=\/wp\/v2\/pages\/3915\/revisions"}],"predecessor-version":[{"id":3918,"href":"http:\/\/www.vsbadschoenau.ac.at\/index.php?rest_route=\/wp\/v2\/pages\/3915\/revisions\/3918"}],"wp:attachment":[{"href":"http:\/\/www.vsbadschoenau.ac.at\/index.php?rest_route=%2Fwp%2Fv2%2Fmedia&parent=3915"}],"curies":[{"name":"wp","href":"https:\/\/api.w.org\/{rel}","templated":true}]}}

<figure class="is-layout-flex wp-block-gallery-1 wp-block-gallery aligncenter has-nested-images columns-default is-cropped">
<figure class="wp-block-image size-large is-style-default"><img decoding="async" loading="lazy" width="1024" height="768" data-id="3916"  src="https://www.vsbadschoenau.ac.at/wp-content/uploads/2024/12/IMG-20241204-WA0003-1024x768.jpg" alt="" class="wp-image-3916" srcset="http://www.vsbadschoenau.ac.at/wp-content/uploads/2024/12/IMG-20241204-WA0003-1024x768.jpg 1024w, http://www.vsbadschoenau.ac.at/wp-content/uploads/2024/12/IMG-20241204-WA0003-300x225.jpg 300w, http://www.vsbadschoenau.ac.at/wp-content/uploads/2024/12/IMG-20241204-WA0003-768x576.jpg 768w, http://www.vsbadschoenau.ac.at/wp-content/uploads/2024/12/IMG-20241204-WA0003-1536x1152.jpg 1536w, http://www.vsbadschoenau.ac.at/wp-content/uploads/2024/12/IMG-20241204-WA0003.jpg 2048w" sizes="(max-width: 1024px) 100vw, 1024px" /></figure>



<figure class="wp-block-image size-large is-style-default"><img decoding="async" loading="lazy" width="1024" height="768" data-id="3917"  src="https://www.vsbadschoenau.ac.at/wp-content/uploads/2024/12/IMG-20241204-WA0005-1024x768.jpg" alt="" class="wp-image-3917" srcset="http://www.vsbadschoenau.ac.at/wp-content/uploads/2024/12/IMG-20241204-WA0005-1024x768.jpg 1024w, http://www.vsbadschoenau.ac.at/wp-content/uploads/2024/12/IMG-20241204-WA0005-300x225.jpg 300w, http://www.vsbadschoenau.ac.at/wp-content/uploads/2024/12/IMG-20241204-WA0005-768x576.jpg 768w, http://www.vsbadschoenau.ac.at/wp-content/uploads/2024/12/IMG-20241204-WA0005-1536x1152.jpg 1536w, http://www.vsbadschoenau.ac.at/wp-content/uploads/2024/12/IMG-20241204-WA0005.jpg 2048w" sizes="(max-width: 1024px) 100vw, 1024px" /></figure>
</figure>



<p class="has-text-align-center has-luminous-vivid-amber-color has-text-color"><strong>Im kleinen, feierlichen Rahmen wurden pünktlich vor dem 1. Advent unsere Adventkränze gesegnet. Danke an Herrn Pfarrer Mag. Marosch für seine Zeit.</strong></p>

<p>Im kleinen, feierlichen Rahmen wurden pünktlich vor dem 1. Advent unsere Adventkränze gesegnet. Danke an Herrn Pfarrer Mag. Marosch für seine Zeit.</p>
