{"id":4046,"date":"2025-05-26T07:54:44","date_gmt":"2025-05-26T07:54:44","guid":{"rendered":"https:\/\/www.vsbadschoenau.ac.at\/?page_id=4046"},"modified":"2025-05-26T07:54:44","modified_gmt":"2025-05-26T07:54:44","slug":"vorlesetag-im-kindergarten","status":"publish","type":"page","link":"http:\/\/www.vsbadschoenau.ac.at\/?page_id=4046","title":{"rendered":"Vorlesetag im Kindergarten"},"content":{"rendered":"\n<p><\/p>\n\n\n\n<figure class=\"is-layout-flex wp-block-gallery-1 wp-block-gallery has-nested-images columns-2 is-cropped\">\n<figure class=\"wp-block-image size-large is-style-default\"><img decoding=\"async\" loading=\"lazy\" width=\"1024\" height=\"929\" data-id=\"4049\"  src=\"https:\/\/www.vsbadschoenau.ac.at\/wp-content\/uploads\/2025\/05\/IMG-20250526-WA0001-1024x929.jpg\" alt=\"\" class=\"wp-image-4049\" srcset=\"http:\/\/www.vsbadschoenau.ac.at\/wp-content\/uploads\/2025\/05\/IMG-20250526-WA0001-1024x929.jpg 1024w, http:\/\/www.vsbadschoenau.ac.at\/wp-content\/uploads\/2025\/05\/IMG-20250526-WA0001-300x272.jpg 300w, http:\/\/www.vsbadschoenau.ac.at\/wp-content\/uploads\/2025\/05\/IMG-20250526-WA0001-768x697.jpg 768w, http:\/\/www.vsbadschoenau.ac.at\/wp-content\/uploads\/2025\/05\/IMG-20250526-WA0001-1536x1394.jpg 1536w, http:\/\/www.vsbadschoenau.ac.at\/wp-content\/uploads\/2025\/05\/IMG-20250526-WA0001.jpg 1600w\" sizes=\"(max-width: 1024px) 100vw, 1024px\" \/><\/figure>\n\n\n\n<figure class=\"wp-block-image size-large is-style-default\"><img decoding=\"async\" loading=\"lazy\" width=\"768\" height=\"1024\" data-id=\"4047\"  src=\"https:\/\/www.vsbadschoenau.ac.at\/wp-content\/uploads\/2025\/05\/IMG-20250526-WA0003-768x1024.jpg\" alt=\"\" class=\"wp-image-4047\" srcset=\"http:\/\/www.vsbadschoenau.ac.at\/wp-content\/uploads\/2025\/05\/IMG-20250526-WA0003-768x1024.jpg 768w, http:\/\/www.vsbadschoenau.ac.at\/wp-content\/uploads\/2025\/05\/IMG-20250526-WA0003-225x300.jpg 225w, http:\/\/www.vsbadschoenau.ac.at\/wp-content\/uploads\/2025\/05\/IMG-20250526-WA0003-1152x1536.jpg 1152w, http:\/\/www.vsbadschoenau.ac.at\/wp-content\/uploads\/2025\/05\/IMG-20250526-WA0003.jpg 1200w\" sizes=\"(max-width: 768px) 100vw, 768px\" \/><\/figure>\n\n\n\n<figure class=\"wp-block-image size-large is-style-default\"><img decoding=\"async\" loading=\"lazy\" width=\"1024\" height=\"904\" data-id=\"4048\"  src=\"https:\/\/www.vsbadschoenau.ac.at\/wp-content\/uploads\/2025\/05\/IMG-20250526-WA0007-1024x904.jpg\" alt=\"\" class=\"wp-image-4048\" srcset=\"http:\/\/www.vsbadschoenau.ac.at\/wp-content\/uploads\/2025\/05\/IMG-20250526-WA0007-1024x904.jpg 1024w, http:\/\/www.vsbadschoenau.ac.at\/wp-content\/uploads\/2025\/05\/IMG-20250526-WA0007-300x265.jpg 300w, http:\/\/www.vsbadschoenau.ac.at\/wp-content\/uploads\/2025\/05\/IMG-20250526-WA0007-768x678.jpg 768w, http:\/\/www.vsbadschoenau.ac.at\/wp-content\/uploads\/2025\/05\/IMG-20250526-WA0007-1536x1356.jpg 1536w, http:\/\/www.vsbadschoenau.ac.at\/wp-content\/uploads\/2025\/05\/IMG-20250526-WA0007.jpg 1600w\" sizes=\"(max-width: 1024px) 100vw, 1024px\" \/><\/figure>\n<\/figure>\n\n\n\n<p class=\"has-text-align-center has-vivid-green-cyan-color has-text-color\"><strong>Am 22. Mai besuchten die Sch\u00fcler und Sch\u00fclerinnen der 4. Schulstufe den Kindergarte, um den Kindern Geschichten vorzulesen. Der Besuch war f\u00fcr beide Seiten ein besonderes Erlebnis: Die &#8222;Gro\u00dfen&#8220; konnten ihr Lesef\u00e4higkeiten unter Beweis stellen und gleichzeitig Verantwortung \u00fcbernehmen, w\u00e4hrend die &#8222;Kleinen&#8220; gespannt zuh\u00f6rten und die N\u00e4he zu den Volkssch\u00fclern genossen. <\/strong><\/p>\n","protected":false},"excerpt":{"rendered":"<p>Am 22. Mai besuchten die Sch\u00fcler und Sch\u00fclerinnen der 4. Schulstufe den Kindergarte, um den Kindern Geschichten vorzulesen. Der Besuch war f\u00fcr beide Seiten ein besonderes Erlebnis: Die &#8222;Gro\u00dfen&#8220; konnten ihr Lesef\u00e4higkeiten unter Beweis stellen und gleichzeitig Verantwortung \u00fcbernehmen, w\u00e4hrend die &#8222;Kleinen&#8220; gespannt zuh\u00f6rten und die N\u00e4he zu den Volkssch\u00fclern genossen.<\/p>\n","protected":false},"author":1,"featured_media":0,"parent":0,"menu_order":0,"comment_status":"closed","ping_status":"closed","template":"","meta":[],"_links":{"self":[{"href":"http:\/\/www.vsbadschoenau.ac.at\/index.php?rest_route=\/wp\/v2\/pages\/4046"}],"collection":[{"href":"http:\/\/www.vsbadschoenau.ac.at\/index.php?rest_route=\/wp\/v2\/pages"}],"about":[{"href":"http:\/\/www.vsbadschoenau.ac.at\/index.php?rest_route=\/wp\/v2\/types\/page"}],"author":[{"embeddable":true,"href":"http:\/\/www.vsbadschoenau.ac.at\/index.php?rest_route=\/wp\/v2\/users\/1"}],"replies":[{"embeddable":true,"href":"http:\/\/www.vsbadschoenau.ac.at\/index.php?rest_route=%2Fwp%2Fv2%2Fcomments&post=4046"}],"version-history":[{"count":1,"href":"http:\/\/www.vsbadschoenau.ac.at\/index.php?rest_route=\/wp\/v2\/pages\/4046\/revisions"}],"predecessor-version":[{"id":4050,"href":"http:\/\/www.vsbadschoenau.ac.at\/index.php?rest_route=\/wp\/v2\/pages\/4046\/revisions\/4050"}],"wp:attachment":[{"href":"http:\/\/www.vsbadschoenau.ac.at\/index.php?rest_route=%2Fwp%2Fv2%2Fmedia&parent=4046"}],"curies":[{"name":"wp","href":"https:\/\/api.w.org\/{rel}","templated":true}]}}

<p></p>



<figure class="is-layout-flex wp-block-gallery-1 wp-block-gallery has-nested-images columns-2 is-cropped">
<figure class="wp-block-image size-large is-style-default"><img decoding="async" loading="lazy" width="1024" height="929" data-id="4049"  src="https://www.vsbadschoenau.ac.at/wp-content/uploads/2025/05/IMG-20250526-WA0001-1024x929.jpg" alt="" class="wp-image-4049" srcset="http://www.vsbadschoenau.ac.at/wp-content/uploads/2025/05/IMG-20250526-WA0001-1024x929.jpg 1024w, http://www.vsbadschoenau.ac.at/wp-content/uploads/2025/05/IMG-20250526-WA0001-300x272.jpg 300w, http://www.vsbadschoenau.ac.at/wp-content/uploads/2025/05/IMG-20250526-WA0001-768x697.jpg 768w, http://www.vsbadschoenau.ac.at/wp-content/uploads/2025/05/IMG-20250526-WA0001-1536x1394.jpg 1536w, http://www.vsbadschoenau.ac.at/wp-content/uploads/2025/05/IMG-20250526-WA0001.jpg 1600w" sizes="(max-width: 1024px) 100vw, 1024px" /></figure>



<figure class="wp-block-image size-large is-style-default"><img decoding="async" loading="lazy" width="768" height="1024" data-id="4047"  src="https://www.vsbadschoenau.ac.at/wp-content/uploads/2025/05/IMG-20250526-WA0003-768x1024.jpg" alt="" class="wp-image-4047" srcset="http://www.vsbadschoenau.ac.at/wp-content/uploads/2025/05/IMG-20250526-WA0003-768x1024.jpg 768w, http://www.vsbadschoenau.ac.at/wp-content/uploads/2025/05/IMG-20250526-WA0003-225x300.jpg 225w, http://www.vsbadschoenau.ac.at/wp-content/uploads/2025/05/IMG-20250526-WA0003-1152x1536.jpg 1152w, http://www.vsbadschoenau.ac.at/wp-content/uploads/2025/05/IMG-20250526-WA0003.jpg 1200w" sizes="(max-width: 768px) 100vw, 768px" /></figure>



<figure class="wp-block-image size-large is-style-default"><img decoding="async" loading="lazy" width="1024" height="904" data-id="4048"  src="https://www.vsbadschoenau.ac.at/wp-content/uploads/2025/05/IMG-20250526-WA0007-1024x904.jpg" alt="" class="wp-image-4048" srcset="http://www.vsbadschoenau.ac.at/wp-content/uploads/2025/05/IMG-20250526-WA0007-1024x904.jpg 1024w, http://www.vsbadschoenau.ac.at/wp-content/uploads/2025/05/IMG-20250526-WA0007-300x265.jpg 300w, http://www.vsbadschoenau.ac.at/wp-content/uploads/2025/05/IMG-20250526-WA0007-768x678.jpg 768w, http://www.vsbadschoenau.ac.at/wp-content/uploads/2025/05/IMG-20250526-WA0007-1536x1356.jpg 1536w, http://www.vsbadschoenau.ac.at/wp-content/uploads/2025/05/IMG-20250526-WA0007.jpg 1600w" sizes="(max-width: 1024px) 100vw, 1024px" /></figure>
</figure>



<p class="has-text-align-center has-vivid-green-cyan-color has-text-color"><strong>Am 22. Mai besuchten die Schüler und Schülerinnen der 4. Schulstufe den Kindergarte, um den Kindern Geschichten vorzulesen. Der Besuch war für beide Seiten ein besonderes Erlebnis: Die &#8222;Großen&#8220; konnten ihr Lesefähigkeiten unter Beweis stellen und gleichzeitig Verantwortung übernehmen, während die &#8222;Kleinen&#8220; gespannt zuhörten und die Nähe zu den Volksschülern genossen. </strong></p>

<p>Am 22. Mai besuchten die Schüler und Schülerinnen der 4. Schulstufe den Kindergarte, um den Kindern Geschichten vorzulesen. Der Besuch war für beide Seiten ein besonderes Erlebnis: Die &#8222;Großen&#8220; konnten ihr Lesefähigkeiten unter Beweis stellen und gleichzeitig Verantwortung übernehmen, während die &#8222;Kleinen&#8220; gespannt zuhörten und die Nähe zu den Volksschülern genossen.</p>
