{"id":4092,"date":"2025-06-18T08:57:37","date_gmt":"2025-06-18T08:57:37","guid":{"rendered":"https:\/\/www.vsbadschoenau.ac.at\/?page_id=4092"},"modified":"2025-06-18T08:57:37","modified_gmt":"2025-06-18T08:57:37","slug":"sternwallfahrt-2","status":"publish","type":"page","link":"http:\/\/www.vsbadschoenau.ac.at\/?page_id=4092","title":{"rendered":"Sternwallfahrt"},"content":{"rendered":"\n<figure class=\"is-layout-flex wp-block-gallery-1 wp-block-gallery has-nested-images columns-2 is-cropped\">\n<figure class=\"wp-block-image size-large is-style-default\"><img decoding=\"async\" loading=\"lazy\" width=\"768\" height=\"1024\" data-id=\"4095\"  src=\"https:\/\/www.vsbadschoenau.ac.at\/wp-content\/uploads\/2025\/06\/IMG-20250613-WA0007-768x1024.jpg\" alt=\"\" class=\"wp-image-4095\" srcset=\"http:\/\/www.vsbadschoenau.ac.at\/wp-content\/uploads\/2025\/06\/IMG-20250613-WA0007-768x1024.jpg 768w, http:\/\/www.vsbadschoenau.ac.at\/wp-content\/uploads\/2025\/06\/IMG-20250613-WA0007-225x300.jpg 225w, http:\/\/www.vsbadschoenau.ac.at\/wp-content\/uploads\/2025\/06\/IMG-20250613-WA0007-1152x1536.jpg 1152w, http:\/\/www.vsbadschoenau.ac.at\/wp-content\/uploads\/2025\/06\/IMG-20250613-WA0007.jpg 1200w\" sizes=\"(max-width: 768px) 100vw, 768px\" \/><\/figure>\n\n\n\n<figure class=\"wp-block-image size-large is-style-default\"><img decoding=\"async\" loading=\"lazy\" width=\"768\" height=\"1024\" data-id=\"4093\"  src=\"https:\/\/www.vsbadschoenau.ac.at\/wp-content\/uploads\/2025\/06\/IMG-20250613-WA0008-768x1024.jpg\" alt=\"\" class=\"wp-image-4093\" srcset=\"http:\/\/www.vsbadschoenau.ac.at\/wp-content\/uploads\/2025\/06\/IMG-20250613-WA0008-768x1024.jpg 768w, http:\/\/www.vsbadschoenau.ac.at\/wp-content\/uploads\/2025\/06\/IMG-20250613-WA0008-225x300.jpg 225w, http:\/\/www.vsbadschoenau.ac.at\/wp-content\/uploads\/2025\/06\/IMG-20250613-WA0008-1152x1536.jpg 1152w, http:\/\/www.vsbadschoenau.ac.at\/wp-content\/uploads\/2025\/06\/IMG-20250613-WA0008.jpg 1200w\" sizes=\"(max-width: 768px) 100vw, 768px\" \/><\/figure>\n\n\n\n<figure class=\"wp-block-image size-large is-style-default\"><img decoding=\"async\" loading=\"lazy\" width=\"768\" height=\"1024\" data-id=\"4094\"  src=\"https:\/\/www.vsbadschoenau.ac.at\/wp-content\/uploads\/2025\/06\/IMG-20250613-WA0009-768x1024.jpg\" alt=\"\" class=\"wp-image-4094\" srcset=\"http:\/\/www.vsbadschoenau.ac.at\/wp-content\/uploads\/2025\/06\/IMG-20250613-WA0009-768x1024.jpg 768w, http:\/\/www.vsbadschoenau.ac.at\/wp-content\/uploads\/2025\/06\/IMG-20250613-WA0009-225x300.jpg 225w, http:\/\/www.vsbadschoenau.ac.at\/wp-content\/uploads\/2025\/06\/IMG-20250613-WA0009-1152x1536.jpg 1152w, http:\/\/www.vsbadschoenau.ac.at\/wp-content\/uploads\/2025\/06\/IMG-20250613-WA0009.jpg 1200w\" sizes=\"(max-width: 768px) 100vw, 768px\" \/><\/figure>\n\n\n\n<figure class=\"wp-block-image size-large is-style-default\"><img decoding=\"async\" loading=\"lazy\" width=\"768\" height=\"1024\" data-id=\"4096\"  src=\"https:\/\/www.vsbadschoenau.ac.at\/wp-content\/uploads\/2025\/06\/IMG-20250613-WA0011-768x1024.jpg\" alt=\"\" class=\"wp-image-4096\" srcset=\"http:\/\/www.vsbadschoenau.ac.at\/wp-content\/uploads\/2025\/06\/IMG-20250613-WA0011-768x1024.jpg 768w, http:\/\/www.vsbadschoenau.ac.at\/wp-content\/uploads\/2025\/06\/IMG-20250613-WA0011-225x300.jpg 225w, http:\/\/www.vsbadschoenau.ac.at\/wp-content\/uploads\/2025\/06\/IMG-20250613-WA0011-1152x1536.jpg 1152w, http:\/\/www.vsbadschoenau.ac.at\/wp-content\/uploads\/2025\/06\/IMG-20250613-WA0011.jpg 1200w\" sizes=\"(max-width: 768px) 100vw, 768px\" \/><\/figure>\n<\/figure>\n\n\n\n<p class=\"has-text-align-center has-vivid-purple-color has-text-color\"><strong>Bei der Sternwallfahrt am 11. Juni pilgerten 600 Sch\u00fcler und Sch\u00fclerinnen aus 21 Volksschulen in die Wallfahrtskirche nach Maria Schnee. Das Thema &#8222;Pilger der Hoffnung&#8220; k\u00f6nnte nicht passender sein. <\/strong><\/p>\n","protected":false},"excerpt":{"rendered":"<p>Bei der Sternwallfahrt am 11. Juni pilgerten 600 Sch\u00fcler und Sch\u00fclerinnen aus 21 Volksschulen in die Wallfahrtskirche nach Maria Schnee. Das Thema &#8222;Pilger der Hoffnung&#8220; k\u00f6nnte nicht passender sein.<\/p>\n","protected":false},"author":1,"featured_media":0,"parent":0,"menu_order":0,"comment_status":"closed","ping_status":"closed","template":"","meta":[],"_links":{"self":[{"href":"http:\/\/www.vsbadschoenau.ac.at\/index.php?rest_route=\/wp\/v2\/pages\/4092"}],"collection":[{"href":"http:\/\/www.vsbadschoenau.ac.at\/index.php?rest_route=\/wp\/v2\/pages"}],"about":[{"href":"http:\/\/www.vsbadschoenau.ac.at\/index.php?rest_route=\/wp\/v2\/types\/page"}],"author":[{"embeddable":true,"href":"http:\/\/www.vsbadschoenau.ac.at\/index.php?rest_route=\/wp\/v2\/users\/1"}],"replies":[{"embeddable":true,"href":"http:\/\/www.vsbadschoenau.ac.at\/index.php?rest_route=%2Fwp%2Fv2%2Fcomments&post=4092"}],"version-history":[{"count":1,"href":"http:\/\/www.vsbadschoenau.ac.at\/index.php?rest_route=\/wp\/v2\/pages\/4092\/revisions"}],"predecessor-version":[{"id":4097,"href":"http:\/\/www.vsbadschoenau.ac.at\/index.php?rest_route=\/wp\/v2\/pages\/4092\/revisions\/4097"}],"wp:attachment":[{"href":"http:\/\/www.vsbadschoenau.ac.at\/index.php?rest_route=%2Fwp%2Fv2%2Fmedia&parent=4092"}],"curies":[{"name":"wp","href":"https:\/\/api.w.org\/{rel}","templated":true}]}}

<figure class="is-layout-flex wp-block-gallery-1 wp-block-gallery has-nested-images columns-2 is-cropped">
<figure class="wp-block-image size-large is-style-default"><img decoding="async" loading="lazy" width="768" height="1024" data-id="4095"  src="https://www.vsbadschoenau.ac.at/wp-content/uploads/2025/06/IMG-20250613-WA0007-768x1024.jpg" alt="" class="wp-image-4095" srcset="http://www.vsbadschoenau.ac.at/wp-content/uploads/2025/06/IMG-20250613-WA0007-768x1024.jpg 768w, http://www.vsbadschoenau.ac.at/wp-content/uploads/2025/06/IMG-20250613-WA0007-225x300.jpg 225w, http://www.vsbadschoenau.ac.at/wp-content/uploads/2025/06/IMG-20250613-WA0007-1152x1536.jpg 1152w, http://www.vsbadschoenau.ac.at/wp-content/uploads/2025/06/IMG-20250613-WA0007.jpg 1200w" sizes="(max-width: 768px) 100vw, 768px" /></figure>



<figure class="wp-block-image size-large is-style-default"><img decoding="async" loading="lazy" width="768" height="1024" data-id="4093"  src="https://www.vsbadschoenau.ac.at/wp-content/uploads/2025/06/IMG-20250613-WA0008-768x1024.jpg" alt="" class="wp-image-4093" srcset="http://www.vsbadschoenau.ac.at/wp-content/uploads/2025/06/IMG-20250613-WA0008-768x1024.jpg 768w, http://www.vsbadschoenau.ac.at/wp-content/uploads/2025/06/IMG-20250613-WA0008-225x300.jpg 225w, http://www.vsbadschoenau.ac.at/wp-content/uploads/2025/06/IMG-20250613-WA0008-1152x1536.jpg 1152w, http://www.vsbadschoenau.ac.at/wp-content/uploads/2025/06/IMG-20250613-WA0008.jpg 1200w" sizes="(max-width: 768px) 100vw, 768px" /></figure>



<figure class="wp-block-image size-large is-style-default"><img decoding="async" loading="lazy" width="768" height="1024" data-id="4094"  src="https://www.vsbadschoenau.ac.at/wp-content/uploads/2025/06/IMG-20250613-WA0009-768x1024.jpg" alt="" class="wp-image-4094" srcset="http://www.vsbadschoenau.ac.at/wp-content/uploads/2025/06/IMG-20250613-WA0009-768x1024.jpg 768w, http://www.vsbadschoenau.ac.at/wp-content/uploads/2025/06/IMG-20250613-WA0009-225x300.jpg 225w, http://www.vsbadschoenau.ac.at/wp-content/uploads/2025/06/IMG-20250613-WA0009-1152x1536.jpg 1152w, http://www.vsbadschoenau.ac.at/wp-content/uploads/2025/06/IMG-20250613-WA0009.jpg 1200w" sizes="(max-width: 768px) 100vw, 768px" /></figure>



<figure class="wp-block-image size-large is-style-default"><img decoding="async" loading="lazy" width="768" height="1024" data-id="4096"  src="https://www.vsbadschoenau.ac.at/wp-content/uploads/2025/06/IMG-20250613-WA0011-768x1024.jpg" alt="" class="wp-image-4096" srcset="http://www.vsbadschoenau.ac.at/wp-content/uploads/2025/06/IMG-20250613-WA0011-768x1024.jpg 768w, http://www.vsbadschoenau.ac.at/wp-content/uploads/2025/06/IMG-20250613-WA0011-225x300.jpg 225w, http://www.vsbadschoenau.ac.at/wp-content/uploads/2025/06/IMG-20250613-WA0011-1152x1536.jpg 1152w, http://www.vsbadschoenau.ac.at/wp-content/uploads/2025/06/IMG-20250613-WA0011.jpg 1200w" sizes="(max-width: 768px) 100vw, 768px" /></figure>
</figure>



<p class="has-text-align-center has-vivid-purple-color has-text-color"><strong>Bei der Sternwallfahrt am 11. Juni pilgerten 600 Schüler und Schülerinnen aus 21 Volksschulen in die Wallfahrtskirche nach Maria Schnee. Das Thema &#8222;Pilger der Hoffnung&#8220; könnte nicht passender sein. </strong></p>

<p>Bei der Sternwallfahrt am 11. Juni pilgerten 600 Schüler und Schülerinnen aus 21 Volksschulen in die Wallfahrtskirche nach Maria Schnee. Das Thema &#8222;Pilger der Hoffnung&#8220; könnte nicht passender sein.</p>
