{"id":4265,"date":"2025-12-02T08:08:35","date_gmt":"2025-12-02T08:08:35","guid":{"rendered":"https:\/\/www.vsbadschoenau.ac.at\/?page_id=4265"},"modified":"2026-03-09T10:50:59","modified_gmt":"2026-03-09T10:50:59","slug":"adventkranzsegnung-3","status":"publish","type":"page","link":"http:\/\/www.vsbadschoenau.ac.at\/?page_id=4265","title":{"rendered":"Adventkranzsegnung"},"content":{"rendered":"\n<figure class=\"is-layout-flex wp-block-gallery-1 wp-block-gallery has-nested-images columns-2 is-cropped is-style-default\">\n<figure class=\"wp-block-image size-large is-style-default\"><img decoding=\"async\" loading=\"lazy\" width=\"577\" height=\"1024\" data-id=\"4269\"  src=\"https:\/\/www.vsbadschoenau.ac.at\/wp-content\/uploads\/2025\/12\/WhatsApp-Image-2025-12-01-at-09.33.00-3-577x1024.jpeg\" alt=\"\" class=\"wp-image-4269\" srcset=\"http:\/\/www.vsbadschoenau.ac.at\/wp-content\/uploads\/2025\/12\/WhatsApp-Image-2025-12-01-at-09.33.00-3-577x1024.jpeg 577w, http:\/\/www.vsbadschoenau.ac.at\/wp-content\/uploads\/2025\/12\/WhatsApp-Image-2025-12-01-at-09.33.00-3-169x300.jpeg 169w, http:\/\/www.vsbadschoenau.ac.at\/wp-content\/uploads\/2025\/12\/WhatsApp-Image-2025-12-01-at-09.33.00-3-768x1364.jpeg 768w, http:\/\/www.vsbadschoenau.ac.at\/wp-content\/uploads\/2025\/12\/WhatsApp-Image-2025-12-01-at-09.33.00-3-865x1536.jpeg 865w, http:\/\/www.vsbadschoenau.ac.at\/wp-content\/uploads\/2025\/12\/WhatsApp-Image-2025-12-01-at-09.33.00-3.jpeg 1153w\" sizes=\"(max-width: 577px) 100vw, 577px\" \/><\/figure>\n\n\n\n<figure class=\"wp-block-image size-large is-style-default\"><img decoding=\"async\" loading=\"lazy\" width=\"577\" height=\"1024\" data-id=\"4270\"  src=\"https:\/\/www.vsbadschoenau.ac.at\/wp-content\/uploads\/2025\/12\/WhatsApp-Image-2025-12-01-at-09.33.01-577x1024.jpeg\" alt=\"\" class=\"wp-image-4270\" srcset=\"http:\/\/www.vsbadschoenau.ac.at\/wp-content\/uploads\/2025\/12\/WhatsApp-Image-2025-12-01-at-09.33.01-577x1024.jpeg 577w, http:\/\/www.vsbadschoenau.ac.at\/wp-content\/uploads\/2025\/12\/WhatsApp-Image-2025-12-01-at-09.33.01-169x300.jpeg 169w, http:\/\/www.vsbadschoenau.ac.at\/wp-content\/uploads\/2025\/12\/WhatsApp-Image-2025-12-01-at-09.33.01-768x1364.jpeg 768w, http:\/\/www.vsbadschoenau.ac.at\/wp-content\/uploads\/2025\/12\/WhatsApp-Image-2025-12-01-at-09.33.01-865x1536.jpeg 865w, http:\/\/www.vsbadschoenau.ac.at\/wp-content\/uploads\/2025\/12\/WhatsApp-Image-2025-12-01-at-09.33.01.jpeg 1153w\" sizes=\"(max-width: 577px) 100vw, 577px\" \/><\/figure>\n\n\n\n<figure class=\"wp-block-image size-large is-style-default\"><img decoding=\"async\" loading=\"lazy\" width=\"1024\" height=\"577\" data-id=\"4266\"  src=\"https:\/\/www.vsbadschoenau.ac.at\/wp-content\/uploads\/2025\/12\/Adventkranzsegnung1-1024x577.jpeg\" alt=\"\" class=\"wp-image-4266\" srcset=\"http:\/\/www.vsbadschoenau.ac.at\/wp-content\/uploads\/2025\/12\/Adventkranzsegnung1-1024x577.jpeg 1024w, http:\/\/www.vsbadschoenau.ac.at\/wp-content\/uploads\/2025\/12\/Adventkranzsegnung1-300x169.jpeg 300w, http:\/\/www.vsbadschoenau.ac.at\/wp-content\/uploads\/2025\/12\/Adventkranzsegnung1-768x432.jpeg 768w, http:\/\/www.vsbadschoenau.ac.at\/wp-content\/uploads\/2025\/12\/Adventkranzsegnung1-1536x865.jpeg 1536w, http:\/\/www.vsbadschoenau.ac.at\/wp-content\/uploads\/2025\/12\/Adventkranzsegnung1.jpeg 2048w\" sizes=\"(max-width: 1024px) 100vw, 1024px\" \/><\/figure>\n<\/figure>\n\n\n\n<p class=\"has-text-align-center has-vivid-purple-color has-text-color\"><strong>Im kleinen, feierlichen Rahmen wurden unsere Adventkr\u00e4nze gesegnet. Danke an unseren Herrn Pfarrer und unsere Religionslehrerin f\u00fcr die Gestaltung.<\/strong><\/p>\n\n\n\n<p><a href=\"https:\/\/www.vsbadschoenau.ac.at\/?accordions=galerie-2025-26\">Zur\u00fcck zur Galerie<\/a><\/p>\n","protected":false},"excerpt":{"rendered":"<p>Im kleinen, feierlichen Rahmen wurden unsere Adventkr\u00e4nze gesegnet. Danke an unseren Herrn Pfarrer und unsere Religionslehrerin f\u00fcr die Gestaltung. Zur\u00fcck zur Galerie<\/p>\n","protected":false},"author":1,"featured_media":0,"parent":0,"menu_order":0,"comment_status":"closed","ping_status":"closed","template":"","meta":[],"_links":{"self":[{"href":"http:\/\/www.vsbadschoenau.ac.at\/index.php?rest_route=\/wp\/v2\/pages\/4265"}],"collection":[{"href":"http:\/\/www.vsbadschoenau.ac.at\/index.php?rest_route=\/wp\/v2\/pages"}],"about":[{"href":"http:\/\/www.vsbadschoenau.ac.at\/index.php?rest_route=\/wp\/v2\/types\/page"}],"author":[{"embeddable":true,"href":"http:\/\/www.vsbadschoenau.ac.at\/index.php?rest_route=\/wp\/v2\/users\/1"}],"replies":[{"embeddable":true,"href":"http:\/\/www.vsbadschoenau.ac.at\/index.php?rest_route=%2Fwp%2Fv2%2Fcomments&post=4265"}],"version-history":[{"count":2,"href":"http:\/\/www.vsbadschoenau.ac.at\/index.php?rest_route=\/wp\/v2\/pages\/4265\/revisions"}],"predecessor-version":[{"id":4339,"href":"http:\/\/www.vsbadschoenau.ac.at\/index.php?rest_route=\/wp\/v2\/pages\/4265\/revisions\/4339"}],"wp:attachment":[{"href":"http:\/\/www.vsbadschoenau.ac.at\/index.php?rest_route=%2Fwp%2Fv2%2Fmedia&parent=4265"}],"curies":[{"name":"wp","href":"https:\/\/api.w.org\/{rel}","templated":true}]}}

<figure class="is-layout-flex wp-block-gallery-1 wp-block-gallery has-nested-images columns-2 is-cropped is-style-default">
<figure class="wp-block-image size-large is-style-default"><img decoding="async" loading="lazy" width="577" height="1024" data-id="4269"  src="https://www.vsbadschoenau.ac.at/wp-content/uploads/2025/12/WhatsApp-Image-2025-12-01-at-09.33.00-3-577x1024.jpeg" alt="" class="wp-image-4269" srcset="http://www.vsbadschoenau.ac.at/wp-content/uploads/2025/12/WhatsApp-Image-2025-12-01-at-09.33.00-3-577x1024.jpeg 577w, http://www.vsbadschoenau.ac.at/wp-content/uploads/2025/12/WhatsApp-Image-2025-12-01-at-09.33.00-3-169x300.jpeg 169w, http://www.vsbadschoenau.ac.at/wp-content/uploads/2025/12/WhatsApp-Image-2025-12-01-at-09.33.00-3-768x1364.jpeg 768w, http://www.vsbadschoenau.ac.at/wp-content/uploads/2025/12/WhatsApp-Image-2025-12-01-at-09.33.00-3-865x1536.jpeg 865w, http://www.vsbadschoenau.ac.at/wp-content/uploads/2025/12/WhatsApp-Image-2025-12-01-at-09.33.00-3.jpeg 1153w" sizes="(max-width: 577px) 100vw, 577px" /></figure>



<figure class="wp-block-image size-large is-style-default"><img decoding="async" loading="lazy" width="577" height="1024" data-id="4270"  src="https://www.vsbadschoenau.ac.at/wp-content/uploads/2025/12/WhatsApp-Image-2025-12-01-at-09.33.01-577x1024.jpeg" alt="" class="wp-image-4270" srcset="http://www.vsbadschoenau.ac.at/wp-content/uploads/2025/12/WhatsApp-Image-2025-12-01-at-09.33.01-577x1024.jpeg 577w, http://www.vsbadschoenau.ac.at/wp-content/uploads/2025/12/WhatsApp-Image-2025-12-01-at-09.33.01-169x300.jpeg 169w, http://www.vsbadschoenau.ac.at/wp-content/uploads/2025/12/WhatsApp-Image-2025-12-01-at-09.33.01-768x1364.jpeg 768w, http://www.vsbadschoenau.ac.at/wp-content/uploads/2025/12/WhatsApp-Image-2025-12-01-at-09.33.01-865x1536.jpeg 865w, http://www.vsbadschoenau.ac.at/wp-content/uploads/2025/12/WhatsApp-Image-2025-12-01-at-09.33.01.jpeg 1153w" sizes="(max-width: 577px) 100vw, 577px" /></figure>



<figure class="wp-block-image size-large is-style-default"><img decoding="async" loading="lazy" width="1024" height="577" data-id="4266"  src="https://www.vsbadschoenau.ac.at/wp-content/uploads/2025/12/Adventkranzsegnung1-1024x577.jpeg" alt="" class="wp-image-4266" srcset="http://www.vsbadschoenau.ac.at/wp-content/uploads/2025/12/Adventkranzsegnung1-1024x577.jpeg 1024w, http://www.vsbadschoenau.ac.at/wp-content/uploads/2025/12/Adventkranzsegnung1-300x169.jpeg 300w, http://www.vsbadschoenau.ac.at/wp-content/uploads/2025/12/Adventkranzsegnung1-768x432.jpeg 768w, http://www.vsbadschoenau.ac.at/wp-content/uploads/2025/12/Adventkranzsegnung1-1536x865.jpeg 1536w, http://www.vsbadschoenau.ac.at/wp-content/uploads/2025/12/Adventkranzsegnung1.jpeg 2048w" sizes="(max-width: 1024px) 100vw, 1024px" /></figure>
</figure>



<p class="has-text-align-center has-vivid-purple-color has-text-color"><strong>Im kleinen, feierlichen Rahmen wurden unsere Adventkränze gesegnet. Danke an unseren Herrn Pfarrer und unsere Religionslehrerin für die Gestaltung.</strong></p>



<p><a href="https://www.vsbadschoenau.ac.at/?accordions=galerie-2025-26">Zurück zur Galerie</a></p>

<p>Im kleinen, feierlichen Rahmen wurden unsere Adventkränze gesegnet. Danke an unseren Herrn Pfarrer und unsere Religionslehrerin für die Gestaltung. Zurück zur Galerie</p>
