{"id":4301,"date":"2026-01-16T07:24:22","date_gmt":"2026-01-16T07:24:22","guid":{"rendered":"https:\/\/www.vsbadschoenau.ac.at\/?page_id=4301"},"modified":"2026-03-09T10:52:07","modified_gmt":"2026-03-09T10:52:07","slug":"4301-2","status":"publish","type":"page","link":"http:\/\/www.vsbadschoenau.ac.at\/?page_id=4301","title":{"rendered":""},"content":{"rendered":"\n<figure class=\"is-layout-flex wp-block-gallery-1 wp-block-gallery has-nested-images columns-2 is-cropped\">\n<figure class=\"wp-block-image size-large is-style-default\"><img decoding=\"async\" loading=\"lazy\" width=\"768\" height=\"1024\" data-id=\"4302\"  src=\"https:\/\/www.vsbadschoenau.ac.at\/wp-content\/uploads\/2026\/01\/TrunenKiga2-768x1024.jpeg\" alt=\"\" class=\"wp-image-4302\" srcset=\"http:\/\/www.vsbadschoenau.ac.at\/wp-content\/uploads\/2026\/01\/TrunenKiga2-768x1024.jpeg 768w, http:\/\/www.vsbadschoenau.ac.at\/wp-content\/uploads\/2026\/01\/TrunenKiga2-225x300.jpeg 225w, http:\/\/www.vsbadschoenau.ac.at\/wp-content\/uploads\/2026\/01\/TrunenKiga2-1152x1536.jpeg 1152w, http:\/\/www.vsbadschoenau.ac.at\/wp-content\/uploads\/2026\/01\/TrunenKiga2.jpeg 1200w\" sizes=\"(max-width: 768px) 100vw, 768px\" \/><\/figure>\n\n\n\n<figure class=\"wp-block-image size-large is-style-default\"><img decoding=\"async\" loading=\"lazy\" width=\"768\" height=\"1024\" data-id=\"4303\"  src=\"https:\/\/www.vsbadschoenau.ac.at\/wp-content\/uploads\/2026\/01\/TurnstundeKiga1-768x1024.jpeg\" alt=\"\" class=\"wp-image-4303\" srcset=\"http:\/\/www.vsbadschoenau.ac.at\/wp-content\/uploads\/2026\/01\/TurnstundeKiga1-768x1024.jpeg 768w, http:\/\/www.vsbadschoenau.ac.at\/wp-content\/uploads\/2026\/01\/TurnstundeKiga1-225x300.jpeg 225w, http:\/\/www.vsbadschoenau.ac.at\/wp-content\/uploads\/2026\/01\/TurnstundeKiga1-1152x1536.jpeg 1152w, http:\/\/www.vsbadschoenau.ac.at\/wp-content\/uploads\/2026\/01\/TurnstundeKiga1.jpeg 1200w\" sizes=\"(max-width: 768px) 100vw, 768px\" \/><\/figure>\n\n\n\n<figure class=\"wp-block-image size-large is-style-default\"><img decoding=\"async\" loading=\"lazy\" width=\"1024\" height=\"1024\" data-id=\"4305\"  src=\"https:\/\/www.vsbadschoenau.ac.at\/wp-content\/uploads\/2026\/01\/TurnstundeKiga-1024x1024.jpeg\" alt=\"\" class=\"wp-image-4305\" srcset=\"http:\/\/www.vsbadschoenau.ac.at\/wp-content\/uploads\/2026\/01\/TurnstundeKiga-1024x1024.jpeg 1024w, http:\/\/www.vsbadschoenau.ac.at\/wp-content\/uploads\/2026\/01\/TurnstundeKiga-300x300.jpeg 300w, http:\/\/www.vsbadschoenau.ac.at\/wp-content\/uploads\/2026\/01\/TurnstundeKiga-150x150.jpeg 150w, http:\/\/www.vsbadschoenau.ac.at\/wp-content\/uploads\/2026\/01\/TurnstundeKiga-768x768.jpeg 768w, http:\/\/www.vsbadschoenau.ac.at\/wp-content\/uploads\/2026\/01\/TurnstundeKiga-1536x1536.jpeg 1536w, http:\/\/www.vsbadschoenau.ac.at\/wp-content\/uploads\/2026\/01\/TurnstundeKiga.jpeg 1600w\" sizes=\"(max-width: 1024px) 100vw, 1024px\" \/><\/figure>\n\n\n\n<figure class=\"wp-block-image size-large is-style-default\"><img decoding=\"async\" loading=\"lazy\" width=\"1024\" height=\"1024\" data-id=\"4304\"  src=\"https:\/\/www.vsbadschoenau.ac.at\/wp-content\/uploads\/2026\/01\/TurnstundeKiga3-1024x1024.jpeg\" alt=\"\" class=\"wp-image-4304\" srcset=\"http:\/\/www.vsbadschoenau.ac.at\/wp-content\/uploads\/2026\/01\/TurnstundeKiga3-1024x1024.jpeg 1024w, http:\/\/www.vsbadschoenau.ac.at\/wp-content\/uploads\/2026\/01\/TurnstundeKiga3-300x300.jpeg 300w, http:\/\/www.vsbadschoenau.ac.at\/wp-content\/uploads\/2026\/01\/TurnstundeKiga3-150x150.jpeg 150w, http:\/\/www.vsbadschoenau.ac.at\/wp-content\/uploads\/2026\/01\/TurnstundeKiga3-768x768.jpeg 768w, http:\/\/www.vsbadschoenau.ac.at\/wp-content\/uploads\/2026\/01\/TurnstundeKiga3-1536x1536.jpeg 1536w, http:\/\/www.vsbadschoenau.ac.at\/wp-content\/uploads\/2026\/01\/TurnstundeKiga3.jpeg 1600w\" sizes=\"(max-width: 1024px) 100vw, 1024px\" \/><\/figure>\n<\/figure>\n\n\n\n<p class=\"has-text-align-center has-vivid-green-cyan-color has-text-color\"><strong>Kurz vor Weihnachten besuchten und die Vorschulkinder. Im Turnsaal konnten sie etwas Schulluft schnuppern und hatten gro\u00dfen Spa\u00df mit den Schulkindern. Herzlichen Dank f\u00fcr den Besuch!<\/strong><\/p>\n\n\n\n<p><a href=\"https:\/\/www.vsbadschoenau.ac.at\/?accordions=galerie-2025-26\">Zur\u00fcck zur Galerie<\/a><\/p>\n","protected":false},"excerpt":{"rendered":"<p>Kurz vor Weihnachten besuchten und die Vorschulkinder. Im Turnsaal konnten sie etwas Schulluft schnuppern und hatten gro\u00dfen Spa\u00df mit den Schulkindern. Herzlichen Dank f\u00fcr den Besuch! Zur\u00fcck zur Galerie<\/p>\n","protected":false},"author":1,"featured_media":0,"parent":0,"menu_order":0,"comment_status":"closed","ping_status":"closed","template":"","meta":[],"_links":{"self":[{"href":"http:\/\/www.vsbadschoenau.ac.at\/index.php?rest_route=\/wp\/v2\/pages\/4301"}],"collection":[{"href":"http:\/\/www.vsbadschoenau.ac.at\/index.php?rest_route=\/wp\/v2\/pages"}],"about":[{"href":"http:\/\/www.vsbadschoenau.ac.at\/index.php?rest_route=\/wp\/v2\/types\/page"}],"author":[{"embeddable":true,"href":"http:\/\/www.vsbadschoenau.ac.at\/index.php?rest_route=\/wp\/v2\/users\/1"}],"replies":[{"embeddable":true,"href":"http:\/\/www.vsbadschoenau.ac.at\/index.php?rest_route=%2Fwp%2Fv2%2Fcomments&post=4301"}],"version-history":[{"count":2,"href":"http:\/\/www.vsbadschoenau.ac.at\/index.php?rest_route=\/wp\/v2\/pages\/4301\/revisions"}],"predecessor-version":[{"id":4343,"href":"http:\/\/www.vsbadschoenau.ac.at\/index.php?rest_route=\/wp\/v2\/pages\/4301\/revisions\/4343"}],"wp:attachment":[{"href":"http:\/\/www.vsbadschoenau.ac.at\/index.php?rest_route=%2Fwp%2Fv2%2Fmedia&parent=4301"}],"curies":[{"name":"wp","href":"https:\/\/api.w.org\/{rel}","templated":true}]}}